{"id":98692,"date":"2023-02-16T08:40:10","date_gmt":"2023-02-16T07:40:10","guid":{"rendered":"https:\/\/www.meine-ernte.de\/shop\/?post_type=product&#038;p=98692"},"modified":"2026-02-19T11:29:42","modified_gmt":"2026-02-19T10:29:42","slug":"bio-saatgut-4er-set-kraeuterreich","status":"publish","type":"product","link":"https:\/\/www.meine-ernte.de\/shop\/bio-saatgut-4er-set-kraeuterreich\/","title":{"rendered":"BIO Saatgut 4er Set &#8222;Kr\u00e4uterreich&#8220;, meine ernte"},"content":{"rendered":"<div class=\"container section-title-container\" ><h3 class=\"section-title section-title-center\"><b aria-hidden=\"true\"><\/b><span class=\"section-title-main\" >Produktinformationen<\/span><b aria-hidden=\"true\"><\/b><\/h3><\/div>\n<p><span data-contrast=\"auto\">Kr\u00e4uterreich wirst du mit diesem Set bestehend aus vier Kr\u00e4uter Klassikern, die roh oder gekocht viele Speisen von der Suppe \u00fcber den Salat bis hin zu Saucen und Dips verfeinern. Unsere Kr\u00e4uterauswahl kr\u00f6nt vor allem mediterrane Gerichte und Sommerfruchtgem\u00fcse. Rosmarin und Thymian sind ausdauernd und k\u00f6nnen im Freiland \u00fcberwintern, wenn sie im Wurzelbereich leicht gesch\u00fctzt werden. W\u00e4hrend der Basilikum frisch das reichste Aroma hat, lassen sich Oregano, Thymian und Rosmarin gut trocknen. F\u00fcr k\u00f6nigliche W\u00fcrze das ganze Jahr \u00fcber.<\/span><span data-ccp-props=\"{&quot;201341983&quot;:0,&quot;335559739&quot;:160,&quot;335559740&quot;:259}\">\u00a0<\/span><span data-ccp-props=\"{&quot;201341983&quot;:0,&quot;335559739&quot;:160,&quot;335559740&quot;:259}\">\u00a0<\/span><\/p>\n<p><strong>Im Set sind folgende vier Sorten enthalten:<\/strong><\/p>\n<ul>\n<li>BIO Thymian \u201aDeutscher Winter\u2018 (0,15 g)<br \/>\n(Vorziehen: m\u00f6glich, M\u00e4rz bis April, ins Freiland: April bis Juni)<\/li>\n<li>BIO Rosmarin (0,15 g)<br \/>\n(Vorziehen: m\u00f6glich, M\u00e4rz bis April, ins Freiland: April bis Juni)<\/li>\n<li>BIO Oregano \u201aWilder Majoran Dost\u2018 (0,15 g)<br \/>\n(Vorziehen: m\u00f6glich, M\u00e4rz bis April, ins Freiland: April bis Juni)<\/li>\n<li>BIO Basilikum \u201aItaliano Classico\u2018 (1 g)<br \/>\n(Vorziehen: April bis Juli, ins Freiland: Juni bis August)<\/li>\n<\/ul>\n<p>Das Set enth\u00e4lt jeweils ein Sament\u00fctchen pro Pflanzensorte und einen liebevoll gestalteten\u00a0Beileger mit Anbautipps.<\/p>\n<p><strong>\u00dcbrigens:<\/strong> Unser Saatgut ist ab Abf\u00fclldatum (Stempel auf der T\u00fcte) bei k\u00fchler, dunkler und trockener Lagerung mehrere Jahre keimf\u00e4hig.<\/p>\n<div class=\"container section-title-container\" ><h3 class=\"section-title section-title-center\"><b aria-hidden=\"true\"><\/b><span class=\"section-title-main\" >Bio-Saatgut<\/span><b aria-hidden=\"true\"><\/b><\/h3><\/div>\n<div>Das in unserem Shop angebotene Bio-Saatgut ist zertifiziert (NL-BIO-01), EU Landwirtschaft.<\/div>\n<div><\/div>\n<div>Vermehre dein Gl\u00fcck! Unser Saatgut ist samenfest. Das bedeutet, dass du nach der Bl\u00fcte von den Pflanzen Samen abnehmen kannst, die sich dunkel, k\u00fchl und trocken aufbewahrt, in der n\u00e4chsten Saison wieder auss\u00e4en lassen.<\/div>\n<div><\/div>\n<div>\u00d6ko-Kontrollstelle: DE-\u00d6KO-013<\/div>\n<div><\/div>\n<div>\n<div>\t<div id=\"gap-1658010679\" class=\"gap-element clearfix\" style=\"display:block; height:auto;\">\n\t\t\n<style>\n#gap-1658010679 {\n  padding-top: 60px;\n}\n<\/style>\n\t<\/div>\n\t<\/div>\n<div><\/div>\n<div><div class=\"container section-title-container\" ><h3 class=\"section-title section-title-normal\"><b aria-hidden=\"true\"><\/b><span class=\"section-title-main\" >\u00c4hnliche Produkte<\/span><b aria-hidden=\"true\"><\/b><\/h3><\/div><\/div>\n<div><\/div>\n<div>\t\n  \n    <div class=\"row large-columns-4 medium-columns-3 small-columns-2 row-small slider row-slider slider-nav-reveal slider-nav-push\"  data-flickity-options='{&quot;imagesLoaded&quot;: true, &quot;groupCells&quot;: &quot;100%&quot;, &quot;dragThreshold&quot; : 5, &quot;cellAlign&quot;: &quot;left&quot;,&quot;wrapAround&quot;: true,&quot;prevNextButtons&quot;: true,&quot;percentPosition&quot;: true,&quot;pageDots&quot;: false, &quot;rightToLeft&quot;: false, &quot;autoPlay&quot; : false}' >\n\n  <\/div><\/div>\n<\/div>\n","protected":false},"excerpt":{"rendered":"<p><img decoding=\"async\" src=\"https:\/\/www.meine-ernte.de\/shop\/wp-content\/uploads\/eu-bio-logo.png\" width=\"164\" \/><\/p>\n<ul>\n<li><span data-contrast=\"auto\">Vier mediterrane Kr\u00e4uterbasics f\u00fcr Freiland und Balkon<\/span><span data-ccp-props=\"{&quot;201341983&quot;:0,&quot;335559739&quot;:160,&quot;335559740&quot;:259}\">\u00a0<\/span><\/li>\n<li><span data-contrast=\"auto\">Keimstarkes BIO Saatgut<\/span><span data-ccp-props=\"{&quot;201341983&quot;:0,&quot;335559739&quot;:160,&quot;335559740&quot;:259}\">\u00a0<\/span><\/li>\n<li><span data-contrast=\"auto\">Ohne Gentechnik, ungebeizt<\/span><span data-ccp-props=\"{&quot;201341983&quot;:0,&quot;335559739&quot;:160,&quot;335559740&quot;:259}\">\u00a0<\/span><\/li>\n<li><span data-contrast=\"auto\">100% plastikfrei, Saatgutt\u00fcten aus Tomatenfaser<\/span><span data-ccp-props=\"{&quot;201341983&quot;:0,&quot;335559739&quot;:160,&quot;335559740&quot;:259}\">\u00a0<\/span><\/li>\n<\/ul>\n","protected":false},"featured_media":101139,"comment_status":"open","ping_status":"closed","template":"","meta":{"_acf_changed":false},"product_brand":[],"product_cat":[668,669,671,152,275,72,552,179],"product_tag":[665,689],"class_list":{"0":"post-98692","1":"product","2":"type-product","3":"status-publish","4":"has-post-thumbnail","6":"product_cat-meine-ernte-produkte","7":"product_cat-bio-saatgutpakete","8":"product_cat-saatgut-geschenke-meine-ernte-produkte","9":"product_cat-saatgut-pakete","10":"product_cat-neu","11":"product_cat-saatgut-und-pflanzen","12":"product_cat-bio-saatgut","13":"product_cat-bio-kraeuter","14":"product_tag-mindestbestellwert","15":"product_tag-brand","16":"product_shipping_class-versand-durch-meine-ernte","18":"first","19":"instock","20":"taxable","21":"shipping-taxable","22":"purchasable","23":"product-type-simple"},"acf":[],"tiered_pricing_type":"fixed","tiered_pricing_fixed_rules":[],"tiered_pricing_product_settings":{"layout":"default","base_unit_name":{"singular":null,"plural":null},"default_variation":null},"tiered_pricing_minimum_quantity":null,"tiered_pricing_roles_data":[],"tiered_pricing_percentage_rules":[],"_links":{"self":[{"href":"https:\/\/www.meine-ernte.de\/shop\/wp-json\/wp\/v2\/product\/98692","targetHints":{"allow":["GET"]}}],"collection":[{"href":"https:\/\/www.meine-ernte.de\/shop\/wp-json\/wp\/v2\/product"}],"about":[{"href":"https:\/\/www.meine-ernte.de\/shop\/wp-json\/wp\/v2\/types\/product"}],"replies":[{"embeddable":true,"href":"https:\/\/www.meine-ernte.de\/shop\/wp-json\/wp\/v2\/comments?post=98692"}],"wp:featuredmedia":[{"embeddable":true,"href":"https:\/\/www.meine-ernte.de\/shop\/wp-json\/wp\/v2\/media\/101139"}],"wp:attachment":[{"href":"https:\/\/www.meine-ernte.de\/shop\/wp-json\/wp\/v2\/media?parent=98692"}],"wp:term":[{"taxonomy":"product_brand","embeddable":true,"href":"https:\/\/www.meine-ernte.de\/shop\/wp-json\/wp\/v2\/product_brand?post=98692"},{"taxonomy":"product_cat","embeddable":true,"href":"https:\/\/www.meine-ernte.de\/shop\/wp-json\/wp\/v2\/product_cat?post=98692"},{"taxonomy":"product_tag","embeddable":true,"href":"https:\/\/www.meine-ernte.de\/shop\/wp-json\/wp\/v2\/product_tag?post=98692"}],"curies":[{"name":"wp","href":"https:\/\/api.w.org\/{rel}","templated":true}]}}

BIO Saatgut 4er Set &#8222;Kräuterreich&#8220;, meine ernte

<div class="container section-title-container" ><h3 class="section-title section-title-center"><b aria-hidden="true"></b><span class="section-title-main" >Produktinformationen</span><b aria-hidden="true"></b></h3></div>
<p><span data-contrast="auto">Kräuterreich wirst du mit diesem Set bestehend aus vier Kräuter Klassikern, die roh oder gekocht viele Speisen von der Suppe über den Salat bis hin zu Saucen und Dips verfeinern. Unsere Kräuterauswahl krönt vor allem mediterrane Gerichte und Sommerfruchtgemüse. Rosmarin und Thymian sind ausdauernd und können im Freiland überwintern, wenn sie im Wurzelbereich leicht geschützt werden. Während der Basilikum frisch das reichste Aroma hat, lassen sich Oregano, Thymian und Rosmarin gut trocknen. Für königliche Würze das ganze Jahr über.</span><span data-ccp-props="{&quot;201341983&quot;:0,&quot;335559739&quot;:160,&quot;335559740&quot;:259}"> </span><span data-ccp-props="{&quot;201341983&quot;:0,&quot;335559739&quot;:160,&quot;335559740&quot;:259}"> </span></p>
<p><strong>Im Set sind folgende vier Sorten enthalten:</strong></p>
<ul>
<li>BIO Thymian ‚Deutscher Winter‘ (0,15 g)<br />
(Vorziehen: möglich, März bis April, ins Freiland: April bis Juni)</li>
<li>BIO Rosmarin (0,15 g)<br />
(Vorziehen: möglich, März bis April, ins Freiland: April bis Juni)</li>
<li>BIO Oregano ‚Wilder Majoran Dost‘ (0,15 g)<br />
(Vorziehen: möglich, März bis April, ins Freiland: April bis Juni)</li>
<li>BIO Basilikum ‚Italiano Classico‘ (1 g)<br />
(Vorziehen: April bis Juli, ins Freiland: Juni bis August)</li>
</ul>
<p>Das Set enthält jeweils ein Samentütchen pro Pflanzensorte und einen liebevoll gestalteten Beileger mit Anbautipps.</p>
<p><strong>Übrigens:</strong> Unser Saatgut ist ab Abfülldatum (Stempel auf der Tüte) bei kühler, dunkler und trockener Lagerung mehrere Jahre keimfähig.</p>
<div class="container section-title-container" ><h3 class="section-title section-title-center"><b aria-hidden="true"></b><span class="section-title-main" >Bio-Saatgut</span><b aria-hidden="true"></b></h3></div>
<div>Das in unserem Shop angebotene Bio-Saatgut ist zertifiziert (NL-BIO-01), EU Landwirtschaft.</div>
<div></div>
<div>Vermehre dein Glück! Unser Saatgut ist samenfest. Das bedeutet, dass du nach der Blüte von den Pflanzen Samen abnehmen kannst, die sich dunkel, kühl und trocken aufbewahrt, in der nächsten Saison wieder aussäen lassen.</div>
<div></div>
<div>Öko-Kontrollstelle: DE-ÖKO-013</div>
<div></div>
<div>
<div>	<div id="gap-1658010679" class="gap-element clearfix" style="display:block; height:auto;">
		
<style>
#gap-1658010679 {
  padding-top: 60px;
}
</style>
	</div>
	</div>
<div></div>
<div><div class="container section-title-container" ><h3 class="section-title section-title-normal"><b aria-hidden="true"></b><span class="section-title-main" >Ähnliche Produkte</span><b aria-hidden="true"></b></h3></div></div>
<div></div>
<div>	
  
    <div class="row large-columns-4 medium-columns-3 small-columns-2 row-small slider row-slider slider-nav-reveal slider-nav-push"  data-flickity-options='{&quot;imagesLoaded&quot;: true, &quot;groupCells&quot;: &quot;100%&quot;, &quot;dragThreshold&quot; : 5, &quot;cellAlign&quot;: &quot;left&quot;,&quot;wrapAround&quot;: true,&quot;prevNextButtons&quot;: true,&quot;percentPosition&quot;: true,&quot;pageDots&quot;: false, &quot;rightToLeft&quot;: false, &quot;autoPlay&quot; : false}' >

  </div></div>
</div>

<p><img decoding="async" src="https://www.meine-ernte.de/shop/wp-content/uploads/eu-bio-logo.png" width="164" /></p>
<ul>
<li><span data-contrast="auto">Vier mediterrane Kräuterbasics für Freiland und Balkon</span><span data-ccp-props="{&quot;201341983&quot;:0,&quot;335559739&quot;:160,&quot;335559740&quot;:259}"> </span></li>
<li><span data-contrast="auto">Keimstarkes BIO Saatgut</span><span data-ccp-props="{&quot;201341983&quot;:0,&quot;335559739&quot;:160,&quot;335559740&quot;:259}"> </span></li>
<li><span data-contrast="auto">Ohne Gentechnik, ungebeizt</span><span data-ccp-props="{&quot;201341983&quot;:0,&quot;335559739&quot;:160,&quot;335559740&quot;:259}"> </span></li>
<li><span data-contrast="auto">100% plastikfrei, Saatguttüten aus Tomatenfaser</span><span data-ccp-props="{&quot;201341983&quot;:0,&quot;335559739&quot;:160,&quot;335559740&quot;:259}"> </span></li>
</ul>
