{"id":75746,"date":"2021-08-27T10:18:22","date_gmt":"2021-08-27T08:18:22","guid":{"rendered":"https:\/\/www.meine-ernte.de\/shop\/?post_type=product&#038;p=75746"},"modified":"2025-08-29T12:58:35","modified_gmt":"2025-08-29T10:58:35","slug":"bio-saatgut-adventskalender-mit-alten-sorten-gemuese-kraeuter-und-blumen","status":"publish","type":"product","link":"https:\/\/www.meine-ernte.de\/shop\/bio-saatgut-adventskalender-mit-alten-sorten-gemuese-kraeuter-und-blumen\/","title":{"rendered":"Bio-Saatgut-Adventskalender mit alten Sorten (Gem\u00fcse, Kr\u00e4uter und Blumen)"},"content":{"rendered":"<div class=\"row align-center\"  id=\"row-1683270433\">\n\n\t<div id=\"col-717910389\" class=\"col medium-5 small-12 large-5\"  >\n\t\t\t\t<div class=\"col-inner\"  >\n\t\t\t\n\t\t\t\n<div class=\"container section-title-container\" ><h3 class=\"section-title section-title-center\"><b aria-hidden=\"true\"><\/b><span class=\"section-title-main\" >PRODUKTINFORMATIONEN<\/span><b aria-hidden=\"true\"><\/b><\/h3><\/div>\n<p>Ein Adventskalender passend f\u00fcr jeden gr\u00fcnen Daumen!Im Dezember gibt es im Gem\u00fcsegarten nicht so viel zu tun, doch die Beetplanung und Saatgutauswahl steigern die Vorfreude auf das n\u00e4chste Gartenjahr. Mit dem Adventskalender kannst du deinen Lieben oder auch dir selbst die dunkle Jahreszeit vers\u00fc\u00dfen!<\/p>\n<h3>24 T\u00f6rchen gef\u00fcllt mit:<\/h3>\n<ul>\n<li>Samenfestem Bio-Saatgut<\/li>\n<li>Gem\u00fcsesamen, Heilkr\u00e4utersamen, Blumensamen<\/li>\n<li>Rarit\u00e4ten und alten Sorten<\/li>\n<li>Saatgut f\u00fcr deinen Garten, Balkon oder Hochbeet<\/li>\n<\/ul>\n<p>Das samenfeste Saatgut stammt von zertifizierten europ\u00e4ischen Bio-Betrieben und wurde liebevoll f\u00fcr diesen Kalender produziert. Die Produktion des Kalenders wird wesentlich von &#8222;retex &#8211; Regensburger Initiative zur Schaffung von Arbeitspl\u00e4tzen f\u00fcr psychisch kranke und behinderte Menschen&#8220; unterst\u00fctzt.<\/p>\n\t<div class=\"img has-hover x md-x lg-x y md-y lg-y\" id=\"image_143774651\">\n\t\t\t\t\t\t\t\t<div class=\"img-inner dark\" >\n\t\t\t<img decoding=\"async\" width=\"1020\" height=\"765\" src=\"https:\/\/www.meine-ernte.de\/shop\/wp-content\/uploads\/Adventskalender-Magic-Garden-Seeds-Magische-Zeit-meine-ernte-Foto-S.-Neuhaus-30_web-1067x800.jpg\" class=\"attachment-large size-large\" alt=\"\" srcset=\"https:\/\/www.meine-ernte.de\/shop\/wp-content\/uploads\/Adventskalender-Magic-Garden-Seeds-Magische-Zeit-meine-ernte-Foto-S.-Neuhaus-30_web-1067x800.jpg 1067w, https:\/\/www.meine-ernte.de\/shop\/wp-content\/uploads\/Adventskalender-Magic-Garden-Seeds-Magische-Zeit-meine-ernte-Foto-S.-Neuhaus-30_web-533x400.jpg 533w, https:\/\/www.meine-ernte.de\/shop\/wp-content\/uploads\/Adventskalender-Magic-Garden-Seeds-Magische-Zeit-meine-ernte-Foto-S.-Neuhaus-30_web-768x576.jpg 768w, https:\/\/www.meine-ernte.de\/shop\/wp-content\/uploads\/Adventskalender-Magic-Garden-Seeds-Magische-Zeit-meine-ernte-Foto-S.-Neuhaus-30_web-600x450.jpg 600w, https:\/\/www.meine-ernte.de\/shop\/wp-content\/uploads\/Adventskalender-Magic-Garden-Seeds-Magische-Zeit-meine-ernte-Foto-S.-Neuhaus-30_web-100x75.jpg 100w, https:\/\/www.meine-ernte.de\/shop\/wp-content\/uploads\/Adventskalender-Magic-Garden-Seeds-Magische-Zeit-meine-ernte-Foto-S.-Neuhaus-30_web.jpg 1280w\" sizes=\"(max-width: 1020px) 100vw, 1020px\" \/>\t\t\t\t\t\t\n\t\t\t\t\t<\/div>\n\t\t\t\t\t\t\t\t\n<style>\n#image_143774651 {\n  width: 100%;\n}\n<\/style>\n\t<\/div>\n\t\n\t<div class=\"img has-hover x md-x lg-x y md-y lg-y\" id=\"image_524763017\">\n\t\t\t\t\t\t\t\t<div class=\"img-inner dark\" >\n\t\t\t<img decoding=\"async\" width=\"1020\" height=\"680\" src=\"https:\/\/www.meine-ernte.de\/shop\/wp-content\/uploads\/Adventskalender-Magic-Garden-Seeds-Magische-Zeit-meine-ernte-Foto-S.-Neuhaus-29_web-1200x800.jpg\" class=\"attachment-large size-large\" alt=\"\" srcset=\"https:\/\/www.meine-ernte.de\/shop\/wp-content\/uploads\/Adventskalender-Magic-Garden-Seeds-Magische-Zeit-meine-ernte-Foto-S.-Neuhaus-29_web-1200x800.jpg 1200w, https:\/\/www.meine-ernte.de\/shop\/wp-content\/uploads\/Adventskalender-Magic-Garden-Seeds-Magische-Zeit-meine-ernte-Foto-S.-Neuhaus-29_web-600x400.jpg 600w, https:\/\/www.meine-ernte.de\/shop\/wp-content\/uploads\/Adventskalender-Magic-Garden-Seeds-Magische-Zeit-meine-ernte-Foto-S.-Neuhaus-29_web-768x512.jpg 768w, https:\/\/www.meine-ernte.de\/shop\/wp-content\/uploads\/Adventskalender-Magic-Garden-Seeds-Magische-Zeit-meine-ernte-Foto-S.-Neuhaus-29_web-100x67.jpg 100w, https:\/\/www.meine-ernte.de\/shop\/wp-content\/uploads\/Adventskalender-Magic-Garden-Seeds-Magische-Zeit-meine-ernte-Foto-S.-Neuhaus-29_web.jpg 1280w\" sizes=\"(max-width: 1020px) 100vw, 1020px\" \/>\t\t\t\t\t\t\n\t\t\t\t\t<\/div>\n\t\t\t\t\t\t\t\t\n<style>\n#image_524763017 {\n  width: 100%;\n}\n<\/style>\n\t<\/div>\n\t\n\t\t<\/div>\n\t\t\t\t\t<\/div>\n\n\t\n\n\t<div id=\"col-675676313\" class=\"col medium-1 small-12 large-1\"  >\n\t\t\t\t<div class=\"col-inner\"  >\n\t\t\t\n\t\t\t\n\t\t<\/div>\n\t\t\t\t\t<\/div>\n\n\t\n\n\t<div id=\"col-817765333\" class=\"col medium-5 small-12 large-5\"  >\n\t\t\t\t<div class=\"col-inner text-left\"  >\n\t\t\t\n\t\t\t\n<h3 style=\"text-align: left;\">Inhalt:<\/h3>\n<ul style=\"text-align: left;\">\n<li style=\"text-align: left;\">24 farbig bedruckte und nummerierte T\u00fctchen<\/li>\n<li style=\"text-align: left;\">24 Pflanzenportraits<\/li>\n<li style=\"text-align: left;\">Schnur aus Hanffasern und Bienenwachs<\/li>\n<li style=\"text-align: left;\">W\u00e4scheklammern aus Holz<\/li>\n<li style=\"text-align: left;\">Informationsheft mit Aussaatanleitung auf deutsch und englisch<\/li>\n<\/ul>\n<div class=\"accordion\">\n\t<div id=\"accordion-2053864345\" class=\"accordion-item\">\n\t\t<a id=\"accordion-2053864345-label\" class=\"accordion-title plain\" href=\"#accordion-item-inhalt-saatgutkalender---achtung-spoiler\" aria-expanded=\"false\" aria-controls=\"accordion-2053864345-content\">\n\t\t\t<button class=\"toggle\" aria-label=\"Umschalten\"><i class=\"icon-angle-down\" aria-hidden=\"true\"><\/i><\/button>\n\t\t\t<span>Inhalt Saatgutkalender - Achtung Spoiler<\/span>\n\t\t<\/a>\n\t\t<div id=\"accordion-2053864345-content\" class=\"accordion-inner\" aria-labelledby=\"accordion-2053864345-label\">\n\t\t\t\n<ul>\n<li>Blut-Ampfer<\/li>\n<li>Rote Bete &#8218;Tonda di Chioggia&#8216;<\/li>\n<li>Toskanischer Palmkohl &#8218;Cavolo Nero di Toscana&#8216;<\/li>\n<li>Zuckerhut Salat<\/li>\n<li>Cardy<\/li>\n<li>Sonnenblume &#8218;Velvet Queen\u2019<\/li>\n<li>Tomate &#8218;Tigerella&#8216;<\/li>\n<li>Radieschen &#8218;French Breakfast&#8216;<\/li>\n<li>Chili &#8218;Roter Langer Westl\u00e4nder&#8216;<\/li>\n<li>Mexikanisches Zimt-Basilikum<\/li>\n<li>Zwiebel &#8218;Stuttgarter Riesen&#8216;<\/li>\n<li>Guter Heinrich<\/li>\n<li>Bronzefenchel &#8218;Purpureum&#8216;<\/li>\n<li>Gelber Enzian<\/li>\n<li>Gartenmalve &#8218;Zebrina&#8216;<\/li>\n<li>Echtes Seifenkraut<\/li>\n<li>Beinwell<\/li>\n<li>Rainfarn<\/li>\n<li>Roter Sonnenhut<\/li>\n<li>Roter Spitzkohl &#8218;Kalibos&#8216;<\/li>\n<li>Wildtomate<\/li>\n<li>Gelbe M\u00f6hre &#8218;Jaune Du Doubs&#8216;<\/li>\n<li>Kapstachelbeere<\/li>\n<li>Tabak &#8218;Badischer Geudertheimer&#8216;<\/li>\n<\/ul>\n\t\t<\/div>\n\t<\/div>\n\t\n<\/div>\n\t<div id=\"gap-717418137\" class=\"gap-element clearfix\" style=\"display:block; height:auto;\">\n\t\t\n<style>\n#gap-717418137 {\n  padding-top: 30px;\n}\n<\/style>\n\t<\/div>\n\t\n<h3 style=\"text-align: left;\">Anwendung<\/h3>\n<p style=\"text-align: left;\">Die 24 Adventskalender-P\u00e4ckchen kannst du dekorativ an der Schnur aufh\u00e4ngen. Achte darauf, dass das Saatgut und die T\u00fctchen trocken gelagert werden, da sonst die Keimf\u00e4higkeit des Saatguts reduziert wird.<\/p>\n\t<div class=\"img has-hover x md-x lg-x y md-y lg-y\" id=\"image_662879709\">\n\t\t\t\t\t\t\t\t<div class=\"img-inner dark\" >\n\t\t\t<img decoding=\"async\" width=\"800\" height=\"600\" src=\"https:\/\/www.meine-ernte.de\/shop\/wp-content\/uploads\/Bio-Saatgut-Adventskalender-Gemuese-Kraeuter-und-Blumen-Raritaeten-2.jpg\" class=\"attachment-large size-large\" alt=\"Bio-Saatgut-Adventskalender\" srcset=\"https:\/\/www.meine-ernte.de\/shop\/wp-content\/uploads\/Bio-Saatgut-Adventskalender-Gemuese-Kraeuter-und-Blumen-Raritaeten-2.jpg 800w, https:\/\/www.meine-ernte.de\/shop\/wp-content\/uploads\/Bio-Saatgut-Adventskalender-Gemuese-Kraeuter-und-Blumen-Raritaeten-2-533x400.jpg 533w, https:\/\/www.meine-ernte.de\/shop\/wp-content\/uploads\/Bio-Saatgut-Adventskalender-Gemuese-Kraeuter-und-Blumen-Raritaeten-2-768x576.jpg 768w, https:\/\/www.meine-ernte.de\/shop\/wp-content\/uploads\/Bio-Saatgut-Adventskalender-Gemuese-Kraeuter-und-Blumen-Raritaeten-2-600x450.jpg 600w, https:\/\/www.meine-ernte.de\/shop\/wp-content\/uploads\/Bio-Saatgut-Adventskalender-Gemuese-Kraeuter-und-Blumen-Raritaeten-2-100x75.jpg 100w\" sizes=\"(max-width: 800px) 100vw, 800px\" \/>\t\t\t\t\t\t\n\t\t\t\t\t<\/div>\n\t\t\t\t\t\t\t\t\n<style>\n#image_662879709 {\n  width: 90%;\n}\n<\/style>\n\t<\/div>\n\t\n\t<div class=\"img has-hover x md-x lg-x y md-y lg-y\" id=\"image_663784096\">\n\t\t\t\t\t\t\t\t<div class=\"img-inner dark\" >\n\t\t\t<img decoding=\"async\" width=\"800\" height=\"800\" src=\"https:\/\/www.meine-ernte.de\/shop\/wp-content\/uploads\/Bio-Saatgut-Adventskalender-Gemuese-Kraeuter-und-Blumen-Raritaeten-1.jpg\" class=\"attachment-large size-large\" alt=\"\" srcset=\"https:\/\/www.meine-ernte.de\/shop\/wp-content\/uploads\/Bio-Saatgut-Adventskalender-Gemuese-Kraeuter-und-Blumen-Raritaeten-1.jpg 800w, https:\/\/www.meine-ernte.de\/shop\/wp-content\/uploads\/Bio-Saatgut-Adventskalender-Gemuese-Kraeuter-und-Blumen-Raritaeten-1-400x400.jpg 400w, https:\/\/www.meine-ernte.de\/shop\/wp-content\/uploads\/Bio-Saatgut-Adventskalender-Gemuese-Kraeuter-und-Blumen-Raritaeten-1-280x280.jpg 280w, https:\/\/www.meine-ernte.de\/shop\/wp-content\/uploads\/Bio-Saatgut-Adventskalender-Gemuese-Kraeuter-und-Blumen-Raritaeten-1-768x768.jpg 768w, https:\/\/www.meine-ernte.de\/shop\/wp-content\/uploads\/Bio-Saatgut-Adventskalender-Gemuese-Kraeuter-und-Blumen-Raritaeten-1-300x300.jpg 300w, https:\/\/www.meine-ernte.de\/shop\/wp-content\/uploads\/Bio-Saatgut-Adventskalender-Gemuese-Kraeuter-und-Blumen-Raritaeten-1-600x600.jpg 600w, https:\/\/www.meine-ernte.de\/shop\/wp-content\/uploads\/Bio-Saatgut-Adventskalender-Gemuese-Kraeuter-und-Blumen-Raritaeten-1-100x100.jpg 100w\" sizes=\"(max-width: 800px) 100vw, 800px\" \/>\t\t\t\t\t\t\n\t\t\t\t\t<\/div>\n\t\t\t\t\t\t\t\t\n<style>\n#image_663784096 {\n  width: 90%;\n}\n<\/style>\n\t<\/div>\n\t\n\t\t<\/div>\n\t\t\t\t\t<\/div>\n\n\t\n<\/div>\n","protected":false},"excerpt":{"rendered":"<ul>\n<li>Lasse Vorfreude f\u00fcr die neue Gartensaison aufkeimen!<\/li>\n<li>Besondere Saatgut-Rarit\u00e4ten f\u00fcr eine besondere Zeit<\/li>\n<li>24 \u00dcberraschungst\u00fcten mit Bio-Saatgut<\/li>\n<li>Inklusive Hanfschnur und Holzklammern zum Aufh\u00e4ngen<\/li>\n<\/ul>\n","protected":false},"featured_media":94905,"comment_status":"open","ping_status":"closed","template":"","meta":{"_acf_changed":false},"product_brand":[],"product_cat":[506,72,341,342,337,361,339,502,340],"product_tag":[665],"class_list":{"0":"post-75746","1":"product","2":"type-product","3":"status-publish","4":"has-post-thumbnail","6":"product_cat-bis-50-euro","7":"product_cat-saatgut-und-pflanzen","8":"product_cat-selbstversorger","9":"product_cat-kinder","10":"product_cat-geschenke","11":"product_cat-saatgut-geschenke","12":"product_cat-balkongarten","13":"product_cat-kalender","14":"product_cat-hochbeetgaertner","15":"product_tag-mindestbestellwert","16":"product_shipping_class-versand-durch-meine-ernte","18":"first","19":"outofstock","20":"taxable","21":"shipping-taxable","22":"purchasable","23":"product-type-simple"},"acf":[],"tiered_pricing_type":"fixed","tiered_pricing_fixed_rules":[],"tiered_pricing_product_settings":{"layout":"default","base_unit_name":{"singular":null,"plural":null},"default_variation":null},"tiered_pricing_minimum_quantity":null,"tiered_pricing_roles_data":[],"tiered_pricing_percentage_rules":[],"_links":{"self":[{"href":"https:\/\/www.meine-ernte.de\/shop\/wp-json\/wp\/v2\/product\/75746","targetHints":{"allow":["GET"]}}],"collection":[{"href":"https:\/\/www.meine-ernte.de\/shop\/wp-json\/wp\/v2\/product"}],"about":[{"href":"https:\/\/www.meine-ernte.de\/shop\/wp-json\/wp\/v2\/types\/product"}],"replies":[{"embeddable":true,"href":"https:\/\/www.meine-ernte.de\/shop\/wp-json\/wp\/v2\/comments?post=75746"}],"wp:featuredmedia":[{"embeddable":true,"href":"https:\/\/www.meine-ernte.de\/shop\/wp-json\/wp\/v2\/media\/94905"}],"wp:attachment":[{"href":"https:\/\/www.meine-ernte.de\/shop\/wp-json\/wp\/v2\/media?parent=75746"}],"wp:term":[{"taxonomy":"product_brand","embeddable":true,"href":"https:\/\/www.meine-ernte.de\/shop\/wp-json\/wp\/v2\/product_brand?post=75746"},{"taxonomy":"product_cat","embeddable":true,"href":"https:\/\/www.meine-ernte.de\/shop\/wp-json\/wp\/v2\/product_cat?post=75746"},{"taxonomy":"product_tag","embeddable":true,"href":"https:\/\/www.meine-ernte.de\/shop\/wp-json\/wp\/v2\/product_tag?post=75746"}],"curies":[{"name":"wp","href":"https:\/\/api.w.org\/{rel}","templated":true}]}}