{"id":14764,"date":"2020-04-23T10:29:23","date_gmt":"2020-04-23T08:29:23","guid":{"rendered":"https:\/\/www.meine-ernte.de\/shop\/?post_type=product&#038;p=14764"},"modified":"2025-07-24T10:29:12","modified_gmt":"2025-07-24T08:29:12","slug":"limonenpilzkultur","status":"publish","type":"product","link":"https:\/\/www.meine-ernte.de\/shop\/limonenpilzkultur\/","title":{"rendered":"Limonenpilzkultur, ca. 2-3kg oder 6-7kg"},"content":{"rendered":"\n\t<section class=\"section\" id=\"section_1092293773\">\n\t\t<div class=\"section-bg fill\" >\n\t\t\t\t\t\t\t\t\t\n\t\t\t\n\n\t\t<\/div>\n\n\t\t\n\n\t\t<div class=\"section-content relative\">\n\t\t\t\n<div class=\"row align-center\"  id=\"row-1823813455\">\n\n\t<div id=\"col-1104730174\" class=\"col medium-5 small-10 large-5\"  >\n\t\t\t\t<div class=\"col-inner text-left\"  >\n\t\t\t\n\t\t\t\n<div class=\"container section-title-container\" ><h3 class=\"section-title section-title-center\"><b aria-hidden=\"true\"><\/b><span class=\"section-title-main\" >Produktinformationen<\/span><b aria-hidden=\"true\"><\/b><\/h3><\/div>\n<p>Pilze leisten einen wichtigen und vor allem leckeren Beitrag zu einer gesunden Ern\u00e4hrung. Nicht nur wer sich fleischlos oder ganz ohne tierische Produkte ern\u00e4hrt, profitiert von einem Plus an Eiwei\u00df auf dem Teller. Pilze enthalten n\u00e4mlich auch wertvolle B-Vitamine, Kalzium und Mineralstoffe in hoher Dichte. Auch mit Selen, Mangan und Zink k\u00f6nnen Pilze aufwarten und einige von ihnen enthalten sogar Vitamin D, das wir sonst nur durch Sonnenlicht bilden k\u00f6nnen.<\/p>\n<p>Unsere Pilzanzuchtsets sind dankbar in der Handhabung und liefern dir oft mehrfach im Jahr leckere Pilze, die deinen Speiseplan bereichern und dich der Selbstversorgung ein St\u00fcck n\u00e4her bringen.<\/p>\n<p>Der niedliche <strong>Limonenpilz<\/strong> ist wegen seines zitronengelben, trichterf\u00f6rmigen Hutes ein echter Hingucker in deinem Garten. Seinen Namen verdankt er -wie k\u00f6nnte es anders sein- seiner gelben Farbe. Aber auch im Geschmack und Geruch erinnert der besonders bek\u00f6mmliche Speisepilz an Zitrusfr\u00fcchte. Seine Spitznamen sind auch &#8222;Zitronen-Seitling&#8220; oder &#8222;Limonen-Seitling&#8220;.<\/p>\n<p>Der b\u00fcschelig in dichten Trauben seitlich (Name!) am Substrat wachsende Schwamm ist vor allem in Asien ein gefragter Speisepilz. Darum macht er sich besonders gut in asiatischen Salaten oder Wokgerichten. Man sollte dem besonders feinen Aroma bei der Zubereitung etwas Platz lassen, zu kr\u00e4ftige Gew\u00fcrze erschlagen den zarten Pilz. Nicht erschrecken &#8211; unter Erhitzen verliert der Pilz seine helle Farbe und wird braun, bleibt aber genauso schmackhaft.<\/p>\n<p>Im Handel ist der leckere Speisepilz leider selten erh\u00e4ltlich. Die gute Nachricht ist unsere fachm\u00e4nnisch vorbereitete Limonenpilzkultur! Sie liefert bereits nach kurzer Zeit bei wenig Pflege die erste reiche Ernte. Die Kultur begl\u00fcckt dich \u00fcber zwanzig Wochen immer wieder mit neuen Erntewellen.<\/p>\n<div class=\"video video-fit mb\" style=\"padding-top:56.25%;\">\n<div class=\"brlbs-cmpnt-container brlbs-cmpnt-content-blocker brlbs-cmpnt-with-individual-styles\" data-borlabs-cookie-content-blocker-id=\"youtube-content-blocker\" data-borlabs-cookie-content=\"PGlmcmFtZSB0aXRsZT0iQW5iYXUgRmVydGlna3VsdHVyIEF1c3Rlcm5waWx6ZSBiencuICBMaW1vbmVucGlsemUiIHdpZHRoPSIxMDIwIiBoZWlnaHQ9IjU3NCIgc3JjPSJodHRwczovL3d3dy55b3V0dWJlLW5vY29va2llLmNvbS9lbWJlZC9IdWYyYVYzZ0pRdz9mZWF0dXJlPW9lbWJlZCIgZnJhbWVib3JkZXI9IjAiIGFsbG93PSJhY2NlbGVyb21ldGVyOyBhdXRvcGxheTsgY2xpcGJvYXJkLXdyaXRlOyBlbmNyeXB0ZWQtbWVkaWE7IGd5cm9zY29wZTsgcGljdHVyZS1pbi1waWN0dXJlIiBhbGxvd2Z1bGxzY3JlZW4+PC9pZnJhbWU+\">\n<div class=\"brlbs-cmpnt-cb-preset-c brlbs-cmpnt-cb-youtube\">\n<div class=\"brlbs-cmpnt-cb-thumbnail\" style=\"background-image: url('https:\/\/www.meine-ernte.de\/shop\/wp-content\/uploads\/borlabs-cookie\/1\/yt_Huf2aV3gJQw_hqdefault.jpg')\"><\/div>\n<div class=\"brlbs-cmpnt-cb-main\">\n<div class=\"brlbs-cmpnt-cb-play-button\"><\/div>\n<div class=\"brlbs-cmpnt-cb-content\">\n<p class=\"brlbs-cmpnt-cb-description\">Sie sehen gerade einen Platzhalterinhalt von <strong>YouTube<\/strong>. Um auf den eigentlichen Inhalt zuzugreifen, klicken Sie auf die Schaltfl\u00e4che unten. Bitte beachten Sie, dass dabei Daten an Drittanbieter weitergegeben werden.<\/p>\n<p> <a class=\"brlbs-cmpnt-cb-provider-toggle\" href=\"#\" data-borlabs-cookie-show-provider-information role=\"button\">Mehr Informationen<\/a> <\/div>\n<div class=\"brlbs-cmpnt-cb-buttons\"> <a class=\"brlbs-cmpnt-cb-btn\" href=\"#\" data-borlabs-cookie-unblock role=\"button\">Inhalt entsperren<\/a> <a class=\"brlbs-cmpnt-cb-btn\" href=\"#\" data-borlabs-cookie-accept-service role=\"button\" style=\"display: inherit\">Erforderlichen Service akzeptieren und Inhalte entsperren<\/a> <\/div>\n<\/p><\/div>\n<\/p><\/div>\n<\/div>\n<\/div>\n\t<div class=\"img has-hover x md-x lg-x y md-y lg-y\" id=\"image_1067172920\">\n\t\t\t\t\t\t\t\t<div class=\"img-inner dark\" >\n\t\t\t<img decoding=\"async\" width=\"578\" height=\"680\" src=\"https:\/\/www.meine-ernte.de\/shop\/wp-content\/uploads\/limonenpilz-waldgartenpilzkultur.jpg\" class=\"attachment-large size-large\" alt=\"Limonenpilze Waldgartenpilzkultur\" srcset=\"https:\/\/www.meine-ernte.de\/shop\/wp-content\/uploads\/limonenpilz-waldgartenpilzkultur.jpg 578w, https:\/\/www.meine-ernte.de\/shop\/wp-content\/uploads\/limonenpilz-waldgartenpilzkultur-340x400.jpg 340w\" sizes=\"(max-width: 578px) 100vw, 578px\" \/>\t\t\t\t\t\t\n\t\t\t\t\t<\/div>\n\t\t\t\t\t\t\t\t\n<style>\n#image_1067172920 {\n  width: 100%;\n}\n<\/style>\n\t<\/div>\n\t\n\t\t<\/div>\n\t\t\t\t\t<\/div>\n\n\t\n\n\t<div id=\"col-2146412273\" class=\"col medium-1 small-12 large-1\"  >\n\t\t\t\t<div class=\"col-inner\"  >\n\t\t\t\n\t\t\t\n\t\t<\/div>\n\t\t\t\t\t<\/div>\n\n\t\n\n\t<div id=\"col-254080501\" class=\"col medium-5 small-12 large-5\"  >\n\t\t\t\t<div class=\"col-inner\"  >\n\t\t\t\n\t\t\t\n<div class=\"container section-title-container\" ><h3 class=\"section-title section-title-center\"><b aria-hidden=\"true\"><\/b><span class=\"section-title-main\" >Anbauhinweise<\/span><b aria-hidden=\"true\"><\/b><\/h3><\/div>\n<p>Die Pilzkultur sollte an einem schattigen, feuchten und m\u00f6glichst windgesch\u00fctzten Platz aufgestellt werden. Sie sollte jedoch nicht im Wohnhaus stehen, da das Klima hier zu warm und zu trocken ist. Die Sporenbildung kann zudem bei Allergikern zu Reaktionen f\u00fchren. Im Garten findet der Limonenpilz unter einem Laubbusch oder Laubbaum sein zuhause. Auch im Fr\u00fchbeet oder Folienhaus f\u00fchlen sich die gelben Seitlinge wohl.<\/p>\n<p>Hinweis: Aktiviere die Kultur maximal eine Woche nachdem du sie erhalten hast oder bewahre sie ungef\u00e4hr drei bis vier Wochen bei bei +2\u00b0C bis +10\u00b0C auf.<\/p>\n<p>Limonenpilze wachsen bei Temperaturen zwischen + 10\u00b0C und +25\u00b0C. Nach ca. 6 &#8211; 12 Wochen kann die erste Ernte erfolgen.<br \/>\nIm Winter schadet Frost der Kultur nicht, die Pilzkultur legt lediglich eine kurze Pause ein. Sobald die Temperaturen wieder h\u00f6her werden, beginnen neue Pilze mit dem Wachstum.<\/p>\n<p><em><strong>Achtung<\/strong>: Bitte beachte, dass das Pilzbeet ca. 8 Wochen frostfreien Boden nach der Anlage ben\u00f6tigt!<\/em><\/p>\n<p>Unsere Limonenpilzkultur erh\u00e4ltst du in zwei Gr\u00f6\u00dfen:<\/p>\n<ul>\n<li>Gro\u00df: mit ca. 6 &#8211; 7 kg Substrat<\/li>\n<li>Klein: mit ca. 2 &#8211; 3 kg Substrat<\/li>\n<\/ul>\n<p>Oben kannst du Ausw\u00e4hlen, welche Gr\u00f6\u00dfe du haben m\u00f6chtest.<\/p>\n<div class=\"container section-title-container\" ><h3 class=\"section-title section-title-center\"><b aria-hidden=\"true\"><\/b><span class=\"section-title-main\" >Anleitung<\/span><b aria-hidden=\"true\"><\/b><\/h3><\/div>\n<p><a href=\"https:\/\/www.meine-ernte.de\/shop\/wp-content\/uploads\/Anleitung_Austern-Limonenpilze.pdf\"><u>Anleitung herunterladen (254 kb)<\/u><\/a><\/p>\n\t\t<\/div>\n\t\t\t\t\t<\/div>\n\n\t\n<\/div>\n\t\t<\/div>\n\n\t\t\n<style>\n#section_1092293773 {\n  padding-top: 30px;\n  padding-bottom: 30px;\n}\n<\/style>\n\t<\/section>\n\t\n","protected":false},"excerpt":{"rendered":"<ul>\n<li>Dekorativer Seitling, der sich h\u00fcbsch in schattigen Gartennischen macht<\/li>\n<li>Feines Aroma nach Limonenschalen, macht sich besonders gut in asiatischen Gerichten<\/li>\n<li>\u00dcber zwanzig Wochen lang bis zu 4 kg Pilze ernten!<\/li>\n<\/ul>\n","protected":false},"featured_media":118247,"comment_status":"open","ping_status":"closed","template":"","meta":{"_acf_changed":false},"product_brand":[],"product_cat":[674,565,164,569,512,516,322],"product_tag":[665],"class_list":{"0":"post-14764","1":"product","2":"type-product","3":"status-publish","4":"has-post-thumbnail","6":"product_cat-indoor-selbstversorgung","7":"product_cat-anzucht-im-garten","8":"product_cat-pilzzuchtsets","9":"product_cat-limonenpilze","10":"product_cat-saeen-und-pflanzen-im-november","11":"product_cat-saeen-und-pflanzen-im-dezember","12":"product_cat-winteranbau","13":"product_tag-mindestbestellwert","14":"product_shipping_class-hawlik","16":"first","17":"instock","18":"taxable","19":"shipping-taxable","20":"purchasable","21":"product-type-variable","22":"has-default-attributes"},"acf":[],"tiered_pricing_type":"fixed","tiered_pricing_fixed_rules":[],"tiered_pricing_product_settings":{"layout":"default","base_unit_name":{"singular":null,"plural":null},"default_variation":null},"tiered_pricing_minimum_quantity":null,"tiered_pricing_roles_data":[],"tiered_pricing_percentage_rules":[],"_links":{"self":[{"href":"https:\/\/www.meine-ernte.de\/shop\/wp-json\/wp\/v2\/product\/14764","targetHints":{"allow":["GET"]}}],"collection":[{"href":"https:\/\/www.meine-ernte.de\/shop\/wp-json\/wp\/v2\/product"}],"about":[{"href":"https:\/\/www.meine-ernte.de\/shop\/wp-json\/wp\/v2\/types\/product"}],"replies":[{"embeddable":true,"href":"https:\/\/www.meine-ernte.de\/shop\/wp-json\/wp\/v2\/comments?post=14764"}],"wp:featuredmedia":[{"embeddable":true,"href":"https:\/\/www.meine-ernte.de\/shop\/wp-json\/wp\/v2\/media\/118247"}],"wp:attachment":[{"href":"https:\/\/www.meine-ernte.de\/shop\/wp-json\/wp\/v2\/media?parent=14764"}],"wp:term":[{"taxonomy":"product_brand","embeddable":true,"href":"https:\/\/www.meine-ernte.de\/shop\/wp-json\/wp\/v2\/product_brand?post=14764"},{"taxonomy":"product_cat","embeddable":true,"href":"https:\/\/www.meine-ernte.de\/shop\/wp-json\/wp\/v2\/product_cat?post=14764"},{"taxonomy":"product_tag","embeddable":true,"href":"https:\/\/www.meine-ernte.de\/shop\/wp-json\/wp\/v2\/product_tag?post=14764"}],"curies":[{"name":"wp","href":"https:\/\/api.w.org\/{rel}","templated":true}]}}