{"id":14681,"date":"2020-04-22T15:41:16","date_gmt":"2020-04-22T13:41:16","guid":{"rendered":"https:\/\/www.meine-ernte.de\/shop\/?post_type=product&#038;p=14681"},"modified":"2026-02-05T09:37:02","modified_gmt":"2026-02-05T08:37:02","slug":"shiitakekultur","status":"publish","type":"product","link":"https:\/\/www.meine-ernte.de\/shop\/shiitakekultur\/","title":{"rendered":"Bio Shiitakekultur ca. 2kg"},"content":{"rendered":"\n\t<section class=\"section\" id=\"section_90823502\">\n\t\t<div class=\"section-bg fill\" >\n\t\t\t\t\t\t\t\t\t\n\t\t\t\n\n\t\t<\/div>\n\n\t\t\n\n\t\t<div class=\"section-content relative\">\n\t\t\t\n<div class=\"row align-center\"  id=\"row-2063514543\">\n\n\t<div id=\"col-398615855\" class=\"col medium-5 small-10 large-5\"  >\n\t\t\t\t<div class=\"col-inner text-left\"  >\n\t\t\t\n\t\t\t\n<div class=\"container section-title-container\" ><h3 class=\"section-title section-title-center\"><b aria-hidden=\"true\"><\/b><span class=\"section-title-main\" >Produktinformationen<\/span><b aria-hidden=\"true\"><\/b><\/h3><\/div>\n<p>Pilze leisten einen wichtigen und vor allem leckeren Beitrag zu einer gesunden Ern\u00e4hrung. Nicht nur wer sich fleischlos oder ganz ohne tierische Produkte ern\u00e4hrt, profitiert von einem Plus an Eiwei\u00df auf dem Teller. Pilze enthalten n\u00e4mlich zus\u00e4tzlich auch wertvolle B-Vitamine, Kalzium und Mineralstoffe in hoher Dichte. Auch mit Selen, Mangan und Zink k\u00f6nnen Pilze aufwarten und einige von ihnen enthalten sogar Vitamin D, das wir sonst nur durch Sonnenlicht bilden k\u00f6nnen.<br \/>\nPilzanzuchtsets sind dankbar in der Handhabung und liefern dir oft mehrfach im Jahr leckere Pilze, die deinen Speiseplan bereichern und dich der Selbstversorgung ein weiteres St\u00fcck n\u00e4her bringen.<\/p>\n<p>&nbsp;<\/p>\n<p>Der <strong>Shiitake<\/strong> ist ein \u00e4u\u00dferst delikater und hocharomatischer Speisepilz, der sich ideal selbst anbauen l\u00e4sst. Besonders reich ist der urspr\u00fcnglich in den W\u00e4ldern Chinas und Japans beheimatete Baumpilz an Vitaminen der B-Gruppe sowie an Mineralstoffen wie Kalzium, Kalium, Eisen, Natrium, Kupfer und Zink. Auch Eiwei\u00df und die Vitamine A, D und C sind enthalten. Besonders Vegetarier und Veganer profitieren vom hohen Gehalt an Eiwei\u00df.<\/p>\n<p>Mit dieser Kultur kannst du bereits in 1 &#8211; 2 Wochen die ersten Pilze ernten. Insgesamt kannst du dich auf 2-3 Erntewellen freuen, wobei der Gesamtertrag bei etwa 30 &#8211; 40% des Kulturgewichtes liegen kann.<\/p>\n<p>Die optimale Temperatur f\u00fcr die Shiitakekultur liegt bei +14\u00b0C bis +22\u00b0C.<\/p>\n<div class=\"video video-fit mb\" style=\"padding-top:56.25%;\">\n<div class=\"brlbs-cmpnt-container brlbs-cmpnt-content-blocker brlbs-cmpnt-with-individual-styles\" data-borlabs-cookie-content-blocker-id=\"youtube-content-blocker\" data-borlabs-cookie-content=\"PGlmcmFtZSB0aXRsZT0iQW5iYXUgZWluZXIgRmVydGlna3VsdHVyIFNoaWl0YWtlLCBLcsOkdXRlcnNlaXRsaW5nLCBIZXJpY2l1bSBvZGVyIFRvc2thbmEiIHdpZHRoPSIxMDIwIiBoZWlnaHQ9IjU3NCIgc3JjPSJodHRwczovL3d3dy55b3V0dWJlLW5vY29va2llLmNvbS9lbWJlZC9wWkVDRkhmT0wtYz9mZWF0dXJlPW9lbWJlZCIgZnJhbWVib3JkZXI9IjAiIGFsbG93PSJhY2NlbGVyb21ldGVyOyBhdXRvcGxheTsgY2xpcGJvYXJkLXdyaXRlOyBlbmNyeXB0ZWQtbWVkaWE7IGd5cm9zY29wZTsgcGljdHVyZS1pbi1waWN0dXJlIiBhbGxvd2Z1bGxzY3JlZW4+PC9pZnJhbWU+\">\n<div class=\"brlbs-cmpnt-cb-preset-c brlbs-cmpnt-cb-youtube\">\n<div class=\"brlbs-cmpnt-cb-thumbnail\" style=\"background-image: url('https:\/\/www.meine-ernte.de\/shop\/wp-content\/uploads\/borlabs-cookie\/1\/yt_pZECFHfOL-c_hqdefault.jpg')\"><\/div>\n<div class=\"brlbs-cmpnt-cb-main\">\n<div class=\"brlbs-cmpnt-cb-play-button\"><\/div>\n<div class=\"brlbs-cmpnt-cb-content\">\n<p class=\"brlbs-cmpnt-cb-description\">Sie sehen gerade einen Platzhalterinhalt von <strong>YouTube<\/strong>. Um auf den eigentlichen Inhalt zuzugreifen, klicken Sie auf die Schaltfl\u00e4che unten. Bitte beachten Sie, dass dabei Daten an Drittanbieter weitergegeben werden.<\/p>\n<p> <a class=\"brlbs-cmpnt-cb-provider-toggle\" href=\"#\" data-borlabs-cookie-show-provider-information role=\"button\">Mehr Informationen<\/a> <\/div>\n<div class=\"brlbs-cmpnt-cb-buttons\"> <a class=\"brlbs-cmpnt-cb-btn\" href=\"#\" data-borlabs-cookie-unblock role=\"button\">Inhalt entsperren<\/a> <a class=\"brlbs-cmpnt-cb-btn\" href=\"#\" data-borlabs-cookie-accept-service role=\"button\" style=\"display: inherit\">Erforderlichen Service akzeptieren und Inhalte entsperren<\/a> <\/div>\n<\/p><\/div>\n<\/p><\/div>\n<\/div>\n<\/div>\n\t<div class=\"img has-hover x md-x lg-x y md-y lg-y\" id=\"image_269411606\">\n\t\t\t\t\t\t\t\t<div class=\"img-inner dark\" >\n\t\t\t<img decoding=\"async\" width=\"578\" height=\"680\" src=\"https:\/\/www.meine-ernte.de\/shop\/wp-content\/uploads\/shiitakekultur_4.jpg\" class=\"attachment-large size-large\" alt=\"Shiitakekultur\" srcset=\"https:\/\/www.meine-ernte.de\/shop\/wp-content\/uploads\/shiitakekultur_4.jpg 578w, https:\/\/www.meine-ernte.de\/shop\/wp-content\/uploads\/shiitakekultur_4-340x400.jpg 340w\" sizes=\"(max-width: 578px) 100vw, 578px\" \/>\t\t\t\t\t\t\n\t\t\t\t\t<\/div>\n\t\t\t\t\t\t\t\t\n<style>\n#image_269411606 {\n  width: 100%;\n}\n<\/style>\n\t<\/div>\n\t\n\t\t<\/div>\n\t\t\t\t\t<\/div>\n\n\t\n\n\t<div id=\"col-2091007346\" class=\"col medium-1 small-12 large-1\"  >\n\t\t\t\t<div class=\"col-inner\"  >\n\t\t\t\n\t\t\t\n\t\t<\/div>\n\t\t\t\t\t<\/div>\n\n\t\n\n\t<div id=\"col-1929777789\" class=\"col medium-5 small-12 large-5\"  >\n\t\t\t\t<div class=\"col-inner\"  >\n\t\t\t\n\t\t\t\n<div class=\"container section-title-container\" ><h3 class=\"section-title section-title-center\"><b aria-hidden=\"true\"><\/b><span class=\"section-title-main\" >Anbauhinweise<\/span><b aria-hidden=\"true\"><\/b><\/h3><\/div>\n<p>Der optimale Standort hat eine Temperatur von +18\u00b0C, jedoch w\u00e4chst der Shiitake auch bei zwischen\u00a0 + 14\u00b0C und + 22\u00b0C. Schwankende Tages- und Nachttemperaturen beg\u00fcnstigen das Wachstum. Damit sind Keller, Gew\u00e4chsh\u00e4user oder in der w\u00e4rmeren Jahreszeit auch ein schattiger Platz im Garten super geeignet.<\/p>\n<div class=\"container section-title-container\" ><h3 class=\"section-title section-title-center\"><b aria-hidden=\"true\"><\/b><span class=\"section-title-main\" >Anleitung<\/span><b aria-hidden=\"true\"><\/b><\/h3><\/div>\n<p><a href=\"https:\/\/www.meine-ernte.de\/shop\/wp-content\/uploads\/Anleitung_Fertigpilzkultur.pdf\">Anleitung Shiitake herunterladen (248 kb)<\/a><\/p>\n<p>\u00dcbrigens &#8211; Die Kultur bringt Pilze in mehreren Erntewellen hervor. Erntepausen von bis zu vier Wochen sind normal. Nach ca. vier Monaten (2-4 Erntewellen) ist die Kultur ersch\u00f6pft und kann als hochwertiger Kompost verwendet werden.<\/p>\n<p><em><strong>Hinweis<\/strong>: Das Pilzwachstum wird beim Shiitake unter anderem durch Ersch\u00fctterung aktiviert. Aus diesem Grund kommt die Kultur meist schon mit Pilzen auf der Kultur bei Dir an. Diese Vorboten kannst du ganz normal zubereiten und essen. Aktiviere die Shiitake-Kultur direkt nach Erhalt.\u00a0<\/em><\/p>\n\t\t<\/div>\n\t\t\t\t\t<\/div>\n\n\t\n<\/div>\n\t\t<\/div>\n\n\t\t\n<style>\n#section_90823502 {\n  padding-top: 30px;\n  padding-bottom: 30px;\n}\n<\/style>\n\t<\/section>\n\t\n","protected":false},"excerpt":{"rendered":"<ul>\n<li>Feine Pilzspezialit\u00e4t aus den W\u00e4ldern Chinas und Japans<\/li>\n<li>Erste Ernte schon nach 2 Wochen!<\/li>\n<li>Punktet mit hohem Gehalt an Vitamin D<\/li>\n<li>1,5 kg delikate Pilze ernten!<\/li>\n<\/ul>\n","protected":false},"featured_media":14631,"comment_status":"open","ping_status":"closed","template":"","meta":{"_acf_changed":false},"product_brand":[],"product_cat":[674,564,565,164,570,512,516,322],"product_tag":[665],"class_list":{"0":"post-14681","1":"product","2":"type-product","3":"status-publish","4":"has-post-thumbnail","6":"product_cat-indoor-selbstversorgung","7":"product_cat-anzucht-im-haus","8":"product_cat-anzucht-im-garten","9":"product_cat-pilzzuchtsets","10":"product_cat-shiitake","11":"product_cat-saeen-und-pflanzen-im-november","12":"product_cat-saeen-und-pflanzen-im-dezember","13":"product_cat-winteranbau","14":"product_tag-mindestbestellwert","15":"product_shipping_class-hawlik","17":"first","18":"instock","19":"taxable","20":"shipping-taxable","21":"purchasable","22":"product-type-simple"},"acf":[],"tiered_pricing_type":"fixed","tiered_pricing_fixed_rules":[],"tiered_pricing_product_settings":{"layout":"default","base_unit_name":{"singular":null,"plural":null},"default_variation":null},"tiered_pricing_minimum_quantity":null,"tiered_pricing_roles_data":[],"tiered_pricing_percentage_rules":[],"_links":{"self":[{"href":"https:\/\/www.meine-ernte.de\/shop\/wp-json\/wp\/v2\/product\/14681","targetHints":{"allow":["GET"]}}],"collection":[{"href":"https:\/\/www.meine-ernte.de\/shop\/wp-json\/wp\/v2\/product"}],"about":[{"href":"https:\/\/www.meine-ernte.de\/shop\/wp-json\/wp\/v2\/types\/product"}],"replies":[{"embeddable":true,"href":"https:\/\/www.meine-ernte.de\/shop\/wp-json\/wp\/v2\/comments?post=14681"}],"wp:featuredmedia":[{"embeddable":true,"href":"https:\/\/www.meine-ernte.de\/shop\/wp-json\/wp\/v2\/media\/14631"}],"wp:attachment":[{"href":"https:\/\/www.meine-ernte.de\/shop\/wp-json\/wp\/v2\/media?parent=14681"}],"wp:term":[{"taxonomy":"product_brand","embeddable":true,"href":"https:\/\/www.meine-ernte.de\/shop\/wp-json\/wp\/v2\/product_brand?post=14681"},{"taxonomy":"product_cat","embeddable":true,"href":"https:\/\/www.meine-ernte.de\/shop\/wp-json\/wp\/v2\/product_cat?post=14681"},{"taxonomy":"product_tag","embeddable":true,"href":"https:\/\/www.meine-ernte.de\/shop\/wp-json\/wp\/v2\/product_tag?post=14681"}],"curies":[{"name":"wp","href":"https:\/\/api.w.org\/{rel}","templated":true}]}}