{"id":91611,"date":"2022-08-22T11:10:08","date_gmt":"2022-08-22T09:10:08","guid":{"rendered":"https:\/\/www.meine-ernte.de\/shop\/?page_id=91611"},"modified":"2025-08-26T08:31:57","modified_gmt":"2025-08-26T06:31:57","slug":"nutzungsvereinbarung","status":"publish","type":"page","link":"https:\/\/www.meine-ernte.de\/shop\/nutzungsvereinbarung\/","title":{"rendered":"Nutzungsvereinbarungen"},"content":{"rendered":"\n<h1 style=\"text-align: center;\">NUTZUNGSVEREINBARUNG<\/h1>\n<p style=\"text-align: center;\"><strong>&#8211; zur saisonalen Nutzung eines kleinen, Familien- oder Mini-Gem\u00fcsegartens &#8211; <\/strong><\/p>\n<p>\u00a0<\/p>\n<ol>\n<li><strong> Nutzungsdauer<\/strong><\/li>\n<\/ol>\n<ul>\n<li>Der Kunde w\u00e4hlt zwischen einem kleinen Gem\u00fcsegarten (ca. 45 qm) und einem Familien Gem\u00fcsegarten (ca. 90 qm). An ausgew\u00e4hlten Standorten gibt es zus\u00e4tzlich die Option des Mini-Gartens (ca. 20 qm).<\/li>\n<li>Die von\u00a0<em>meine ernte\u00a0<\/em>zur Verf\u00fcgung gestellten Gem\u00fcseg\u00e4rten werden in der Zeit von vsl. April\/Mai 2026 bis Oktober\/November 2026, je nach Verf\u00fcgbarkeit, zur Pflege und Ernte f\u00fcr den Eigenbedarf gemietet. Nach Gartenr\u00fcckgabe endet das Vertragsverh\u00e4ltnis automatisch.<\/li>\n<li>Termine zur Garten\u00fcbernahme und -R\u00fcckgabe werden dem Kunden per E-Mail bekanntgegeben.<\/li>\n<\/ul>\n<p>\u00a0<\/p>\n<ol start=\"2\">\n<li><strong> Nutzungsumfang<\/strong><\/li>\n<\/ol>\n<ul>\n<li>Zum Umfang des Mietgartens geh\u00f6rten ca. 20 Gem\u00fcsesorten bei kleinen und Familien Gem\u00fcseg\u00e4rten bzw. ca. 8 Gem\u00fcsesorten bei Minig\u00e4rten, die als Saatgut oder Jungpflanzen zum Saisonstart bereits eingebracht sind oder dem Kunden ausgeh\u00e4ndigt werden. Den finalen Anbauplan mit den eingebrachten Gem\u00fcsekulturen erh\u00e4lt der Kunde bei oder kurz nach \u00dcbernahme seines Gem\u00fcsegartens.<\/li>\n<li>Es ist m\u00f6glich, dass der Kunde einzelne Kulturen aus dem Anbauplan selbst im eigenen Garten s\u00e4en und \/ oder pflanzen muss. Dies teilt\u00a0<em>meine ernte<\/em>dem Kunden sp\u00e4testens bei Garten\u00fcbernahme mit.<\/li>\n<li><em>meine ernte\u00a0<\/em>haftet nicht f\u00fcr Ernteausf\u00e4lle durch Diebstahl, Wildfra\u00df, ung\u00fcnstige Witterung oder Krankheits- oder Sch\u00e4dlings-probleme.\u00a0<em>meine ernte<\/em>haftet ebenso nicht f\u00fcr Ernteausf\u00e4lle verursacht durch h\u00f6here Gewalt und \/ oder Eigenverschulden des Kunden.\u00a0<em>meine ernte<\/em>\u00a0\u00fcbernimmt keine Haftung f\u00fcr mitgebrachte Gegenst\u00e4nde.<\/li>\n<li>Es ist dem Kunden erlaubt, einj\u00e4hriges Gem\u00fcse sowie Kr\u00e4uter w\u00e4hrend der Saison nachzus\u00e4en und nachzupflanzen.<\/li>\n<li>Der Anbau, die Pflege und Ernte von giftigen, illegalen und\/oder halluzinogenen Pflanzen, Kr\u00e4utern und\/oder Pilzen ist strengstens verboten und f\u00fchrt bei Zuwiderhandeln zum Ausschluss bei\u00a0<em>meine ernte<\/em>. Zudem ist der Anbau von Amaranth, Topinambur und Erdmandel verboten. S\u00e4mtliche Minzsorten d\u00fcrfen ausschlie\u00dflich im Topf gepflanzt werden und m\u00fcssen vom Kunden nach Saisonende inklusive Topf wieder aus dem Garten entfernt und mit nach Hause genommen werden.<\/li>\n<li>Ein Grundsortiment an Gartenger\u00e4ten zur Pflege des Gem\u00fcsegartens wird bereitgestellt.<\/li>\n<li>Es wird eine Grundversorgung von Wasser zur Bew\u00e4sserung bereitgestellt, soweit die saisonale Arbeitsbelastung des Landwirts und die allgemeine Wetterlage dies zul\u00e4sst.<br \/><strong>Bei der Bew\u00e4sserung ist ein sparsamer Umgang unumg\u00e4nglich. Der Kunde h\u00e4lt sich an die Gie\u00dfempfehlungen von meine ernte und dem Landwirt.\u00a0<\/strong>Das Anbringen eines eigenen Schlauches zur Bew\u00e4sserung ist grunds\u00e4tzlich nicht gestattet.<\/li>\n<li>Das Errichten von baulichen Ma\u00dfnahmen sowie Aufbauten von mehr als zwei Metern H\u00f6he sind nicht gestattet. Sonstige Aufbauten, wie Tomatenunterst\u00e4nde, unter zwei Metern H\u00f6he, sind sicher und windsicher zu befestigen, d\u00fcrfen nur im eigenen Mietgarten und damit weder auf Wegen oder Trampelwegen platziert werden und sind zum Saisonende zu entfernen. Der Besitzer haftet bei evtl. Sch\u00e4den. Sollten durch mitgebrachte Gegenst\u00e4nde oder Aufbauten anliegende G\u00e4rten einen Nachteil erhalten, z. B. durch Schattenwurf, muss nach Aufforderung von <em>meine ernte <\/em>der Gegenstand durch den Kunden abgebaut und entfernt werden.<\/li>\n<li><em>meine ernte\u00a0<\/em>ist damit einverstanden, dass der Kunde den Gem\u00fcsegarten auch Dritten f\u00fcr die Nutzung gem\u00e4\u00df den vorstehend genannten Vorgaben zur Verf\u00fcgung stellt, sofern\u00a0<em>meine ernte<\/em>Kontaktdaten des Dritten erhalten hat und dieser die\u00a0<em>meine ernte<\/em>\u00a0<a href=\"https:\/\/www.meine-ernte.de\/shop\/agb-meine-ernte-onlineshop\/\">AGB<\/a> und Nutzungsvereinbarung schriftlich gegen\u00fcber\u00a0<em>meine ernte\u00a0<\/em>best\u00e4tigt hat.<\/li>\n<\/ul>\n<p>\u00a0<\/p>\n<ol start=\"3\">\n<li><strong> Pflichten des Kunden<\/strong><\/li>\n<\/ol>\n<ul>\n<li>Der Kunde oder eine von ihm benannte Vertretung erscheint zum Start der Gartensaison, um den Garten sowie ggf. ein oder mehrere dazugebuchte Kulturschutznetze oder ggf. noch nicht eingebrachte Kulturen in Empfang zu nehmen.<\/li>\n<li>W\u00e4hrend der Gem\u00fcsegartensaison ist der Kunde f\u00fcr die Pflege seines Gem\u00fcsegartens verantwortlich, d. h. f\u00fcr das J\u00e4ten, Hacken, Gie\u00dfen und Ernten. Der Gem\u00fcsegarten inkl. des dazugeh\u00f6rigen Weges ist von Unkraut und Sch\u00e4dlingen freizuhalten.<\/li>\n<li>Kommt der Kunde seinen Pflichten nicht nach und steht das Unkraut im Garten mindestens kniehoch und \/ oder beginnt zu bl\u00fchen, ist <em>meine ernte<\/em>berechtigt, den Garten anderweitig zu vergeben, ihn umzupfl\u00fcgen oder zu m\u00e4hen. Eine R\u00fcckerstattung des Saisonbeitrags erfolgt nicht.<\/li>\n<li>Die vorhandenen Gartenger\u00e4te sind im sauberen Zustand an ihren vorgesehenen Platz zur\u00fcckzubringen. Besch\u00e4digte Ger\u00e4te m\u00fcssen durch den Kunden auf eigenen Kosten ersetzt werden.<\/li>\n<li>Die Gemeinschaftsfl\u00e4chen, Gehwege zwischen den Gartenreihen und Trampelpfade zwischen den G\u00e4rten sind von Gegenst\u00e4nden freizuhalten, um unter anderem M\u00e4harbeiten zu erm\u00f6glichen. Etwaige Sitzgelegenheiten oder Dekorationen d\u00fcrfen nur im eigenen Garten aufgestellt werden und sind zum Ende der Saison wieder zu entfernen.<\/li>\n<li>Abf\u00e4lle (Restm\u00fcll, Plastik, auch kompostierbares Plastik, u.a.) hat der Kunde mit nach Hause zu nehmen. Organischer M\u00fcll (Pflanzenreste, Unkraut u.a.) sind im eigenen Gem\u00fcsegarten zwischen den Gem\u00fcsereihen zu belassen.<\/li>\n<li>Auf den Einsatz von leichtl\u00f6slichem Minerald\u00fcnger und \/ oder chemisch-synthetischen Pflanzenschutz- und Sch\u00e4dlingsbek\u00e4mpfungsmitteln ist zu verzichten.\u00a0Bei Unklarheiten, ob ein Mittel im Garten genutzt werden darf, ist der Kunde verpflichtet, sich eine schriftliche Freigabe durch\u00a0<em>meine ernte\u00a0<\/em><\/li>\n<li><em>Freilaufende<\/em> Hunde sind auf der gesamten Gem\u00fcsegartenfl\u00e4che nicht erlaubt. Sollte der Kunde einen Hund mitbringen, so ist dieser ausnahmslos an der kurzen Leine zu f\u00fchren bzw. w\u00e4hrend der Gartenarbeit an einer geeigneten Stelle anzubinden.\u00a0Der Hundebesitzer hat den Hund jederzeit zu beaufsichtigen und muss gew\u00e4hrleisten, dass dieser keine fremden G\u00e4rten betritt.<\/li>\n<li>Sieht der Landwirt aufgrund einer Sch\u00e4dlingsepidemie die Notwendigkeit, Ma\u00dfnahmen zu ergreifen, wird dies per E-Mail bekanntgegeben.<\/li>\n<li>Dem Kunden sind alle Ma\u00dfnahmen untersagt, die zu einer Beeintr\u00e4chtigung des Grundwassers \u00fcber Bodenverunreinigungen oder auf andere Weise oder zu einer Beeintr\u00e4chtigung der den Gem\u00fcseg\u00e4rten dienenden Brunnenanlage f\u00fchren k\u00f6nnen. Auf \u00a7 89 Wasserhaushaltsgesetz (WHG) wird verwiesen. Der Kunde stellt\u00a0<em>meine ernte\u00a0<\/em>von allen Anspr\u00fcchen Dritter frei, die darauf beruhen, dass seine Einwirkung die Beschaffenheit des Grundwassers oder der Brunnenanlage nachteilig ver\u00e4ndert hat. Entsprechendes gilt f\u00fcr den Fall, dass Stoffe aus einer vom Kunden betriebenen Anlage im Sinne des \u00a7 89 Abs. 2 WHG in das Grundwasser gelangt sind und dadurch dessen Beschaffenheit nachteilig ver\u00e4ndert haben. Ist trotz aller Vorsicht eine Gef\u00e4hrdung des Grundwassers zu besorgen, ist unverz\u00fcglich Kontakt mit der entsprechenden Umweltbeh\u00f6rde aufzunehmen und\u00a0<em>meine ernte<\/em>zu informieren.<\/li>\n<li>Dem Kunden ist es nicht gestattet, auf der Mietgartenfl\u00e4che zu grillen oder offene Feuer zu legen.<\/li>\n<li>Nach Beendigung des Vertragsverh\u00e4ltnisses ist der Gem\u00fcsegarten in ordnungsgem\u00e4\u00dfem Zustand an\u00a0<em>meine ernte\u00a0<\/em>zur\u00fcckzugeben, d. h. frei von festen Dingen (z. B. Rankehilfen, Tomatenh\u00e4user, Sitzgelegenheiten) und jeglichen Gegenst\u00e4nden (u.a. Plastikt\u00f6pfe, Gartendekoration, etc.). <br \/>Pflanzgut und abgeerntetes organisches Material kann auf der Fl\u00e4che verbleiben. Sollten Gegenst\u00e4nde zur\u00fcckgelassen werden, werden diese kostenpflichtig entfernt und dem Kunden in Rechnung gestellt.<\/li>\n<\/ul>\n<p>\u00a0<\/p>\n<p><strong>F\u00fcr die Standorte Stuttgart, B\u00f6bingen, Wiesbaden und Essen gilt zus\u00e4tzlich:<\/strong><\/p>\n<ul>\n<li>Da es sich um eine nach \u00f6kologischen Richtlinien zertifizierte Fl\u00e4che handelt, sind die Jungpflanzen und das Saatgut aus \u00f6kologischer Erzeugung. Es ist den G\u00e4rtnern an diesen Standorten erlaubt einj\u00e4hriges Gem\u00fcse sowie Kr\u00e4uter aus \u00f6kologischer Erzeugung w\u00e4hrend der Saison nachzus\u00e4en und zu pflanzen. Nicht \u00f6kologisches Saatgut bzw. nicht \u00f6kologische Jungpflanzen d\u00fcrfen nicht verwendet werden, damit die Richtlinien des Anbauverbands eingehalten bleiben.<\/li>\n<li>Die EG-Verordnung (834\/2007) zum \u00d6kologischen Landbau ist einzuhalten, d. h. insbesondere der Einsatz von leichtl\u00f6slichem Minerald\u00fcnger und chemisch-synthetischen Pflanzenschutz- und Sch\u00e4dlingsbek\u00e4mpfungsmitteln ist untersagt. Dar\u00fcber hinaus sind die Regeln des Anbauverbandes des landwirtschaftlichen Betriebes zu beachten.<\/li>\n<\/ul>\n<p><em>\u00a0<\/em><\/p>\n<p><strong><em>Wir w\u00fcnschen dir viel Spa\u00df und Freude in und mit deinem Gem\u00fcsegarten.<\/em><\/strong><\/p>\n<p><strong><em>Auf eine gute Saison! Dein meine ernte Team<\/em><\/strong><\/p>\n<p><em>Stand 22.08.2025<\/em><\/p>\n<p style=\"text-align: center;\">******************************************************************************************<\/p>\n<h2 style=\"text-align: center;\"><strong>NUTZUNGSVEREINBARUNG<\/strong><\/h2>\n<p style=\"text-align: center;\"><strong>\u2013 zur saisonalen Nutzung eines unbepflanzten Gartenst\u00fccks <br \/>zum Zweck des Gem\u00fcseanbaus \u2013<\/strong><\/p>\n<p>\u00a0<\/p>\n<ol>\n<li>\n<ol>\n<li><strong> Nutzungsumfang und -bedingungen f\u00fcr dein Gartenst\u00fcck<\/strong><\/li>\n<\/ol>\n<ul>\n<li>Der Kunde w\u00e4hlt zwischen einem kleinen Gartenst\u00fcck (ca. 20 qm), einem gro\u00dfen Gartenst\u00fcck (ca. 45 qm) oder einem Familien-Gartenst\u00fcck (ca. 90 qm).<\/li>\n<li>Die von\u00a0<em>meine ernte\u00a0<\/em>zur Verf\u00fcgung gestellten Gartenst\u00fccke werden in der Zeit von vsl. April\/Mai 2026 bis Oktober\/November 2026, je nach Verf\u00fcgbarkeit, zur Aussaat und Pflanzung von Gem\u00fcsekulturen sowie deren Pflege und Ernte f\u00fcr den Eigenbedarf gemietet. Nach R\u00fcckgabe des Gartenst\u00fccks endet das Vertragsverh\u00e4ltnis automatisch.<\/li>\n<li>Termine zur Gartenst\u00fcck\u00fcbernahme und -R\u00fcckgabe werden dem Kunden per E-Mail bekanntgegeben.\u00a0<\/li>\n<li>Der Kunde s\u00e4t und pflanzt alle Kulturen selbst, das bedeutet, er kauft sein Saatgut und Pflanzen selbst auf eigenen Kosten. Pflanzen und Saatgut k\u00f6nnen sowohl aus biologischem als auch aus konventionellem Gartenbau stammen. Es ist ausschlie\u00dflich erlaubt, <u>einj\u00e4hriges<\/u> Gem\u00fcse sowie Kr\u00e4uter s\u00e4en und zu pflanzen.<\/li>\n<li><em>meine ernte\u00a0<\/em>haftet nicht f\u00fcr Ernteausf\u00e4lle durch Diebstahl, Wildfra\u00df, ung\u00fcnstige Witterung oder Krankheits- oder Sch\u00e4dlings-probleme.\u00a0<em>meine ernte<\/em>haftet ebenso nicht f\u00fcr Ernteausf\u00e4lle verursacht durch h\u00f6here Gewalt und \/ oder Eigenverschulden des Kunden.\u00a0<em>meine ernte<\/em>\u00a0\u00fcbernimmt keine Haftung f\u00fcr mitgebrachte Gegenst\u00e4nde.<\/li>\n<li>Der Anbau, die Pflege und Ernte von giftigen, illegalen und\/oder halluzinogenen Pflanzen, Kr\u00e4utern und\/oder Pilzen ist strengstens verboten und f\u00fchrt bei Zuwiderhandeln zum Ausschluss bei\u00a0<em>meine ernte<\/em>. Zudem ist der Anbau von Amaranth, Topinambur und Erdmandel verboten. S\u00e4mtliche Minzsorten d\u00fcrfen ausschlie\u00dflich im Topf gepflanzt werden und m\u00fcssen vom Kunden nach Saisonende inklusive Topf wieder aus dem Garten entfernt und mit nach Hause genommen werden.<\/li>\n<li>Ein Grundsortiment an Gartenger\u00e4ten zur Pflege des Gem\u00fcsegartens wird bereitgestellt.<\/li>\n<li>Es wird eine Grundversorgung von Wasser zur Bew\u00e4sserung bereitgestellt, soweit die saisonale Arbeitsbelastung des Landwirts und die allgemeine Wetterlage dies zul\u00e4sst.<br \/><strong>Bei der Bew\u00e4sserung ist ein sparsamer Umgang unumg\u00e4nglich. Der Kunde h\u00e4lt sich an die Gie\u00dfempfehlungen von meine ernte und dem Landwirt.\u00a0<\/strong>Das Anbringen eines eigenen Schlauches zur Bew\u00e4sserung ist grunds\u00e4tzlich nicht gestattet.<\/li>\n<li>Das Errichten von baulichen Ma\u00dfnahmen sowie Aufbauten von mehr als zwei Metern H\u00f6he sind nicht gestattet. Sonstige Aufbauten, wie Tomatenunterst\u00e4nde, unter zwei Metern H\u00f6he, sind sicher und windsicher zu befestigen, d\u00fcrfen nur im eigenen Mietgarten und damit weder auf Wegen oder Trampelwegen platziert werden und sind zum Saisonende zu entfernen. Der Besitzer haftet bei evtl. Sch\u00e4den. Sollten durch mitgebrachte Gegenst\u00e4nde oder Aufbauten anliegende G\u00e4rten einen Nachteil erhalten, z. B. durch Schattenwurf, muss nach Aufforderung von <em>meine ernte <\/em>der Gegenstand durch den Kunden abgebaut und entfernt werden.<\/li>\n<li>Ein Einstieg w\u00e4hrend der Saison ist, je nach Verf\u00fcgbarkeit, m\u00f6glich. Der Saisonbeitrag entspricht jedoch dem einer ganzen Saison (keine Preisreduktion).<\/li>\n<li><em>meine ernte\u00a0<\/em>ist damit einverstanden, dass der Kunde das Gartenst\u00fcck auch Dritten f\u00fcr die Nutzung gem\u00e4\u00df den vorstehend genannten Vorgaben zur Verf\u00fcgung stellt, sofern\u00a0<em>meine ernte<\/em>Kontaktdaten des Dritten erhalten hat und dieser die\u00a0<em>meine ernte<\/em>\u00a0<a href=\"https:\/\/www.meine-ernte.de\/shop\/agb-meine-ernte-onlineshop\/\">AGB<\/a> und Nutzungsvereinbarung schriftlich gegen\u00fcber\u00a0<em>meine ernte\u00a0<\/em>best\u00e4tigt hat.<\/li>\n<\/ul>\n<p>\u00a0<\/p>\n<ol start=\"2\">\n<li><strong> Pflichten und Verantwortlichkeiten des Nutzers<\/strong><\/li>\n<\/ol>\n<ul>\n<li>Der Kunde oder eine von ihm benannte Vertretung erscheint zum Start der Gartensaison, um das Gartenst\u00fcck sowie ggf. ein oder mehrere dazugebuchte Kulturschutznetze zu \u00fcbernehmen.<\/li>\n<li>W\u00e4hrend der Gem\u00fcsegartensaison ist der Kunde f\u00fcr die Pflege seines Gartenst\u00fcckes verantwortlich, d. h. f\u00fcr das J\u00e4ten, Hacken, Gie\u00dfen und Ernten. Das Gartenst\u00fcck inkl. des dazugeh\u00f6rigen Weges ist von Unkraut und Sch\u00e4dlingen freizuhalten.<\/li>\n<li>Kommt der Kunde seinen Pflichten nicht nach und steht das Unkraut im Gartenst\u00fcck mindestens kniehoch und \/ oder ist die Parzelle fl\u00e4chendeckend verunkrautet und \/ oder beginnt das Unkraut zu bl\u00fchen, ist <em>meine ernte<\/em>berechtigt, das Gartenst\u00fcck anderweitig zu vergeben, die Parzelle umzupfl\u00fcgen oder zu m\u00e4hen. Eine R\u00fcckerstattung des Saisonbeitrags erfolgt nicht.<\/li>\n<li>Die vorhandenen Gartenger\u00e4te sind im sauberen Zustand an ihren vorgesehenen Platz zur\u00fcckzubringen. Besch\u00e4digte Ger\u00e4te m\u00fcssen durch den Kunden auf eigenen Kosten ersetzt werden.<\/li>\n<li>Die Gemeinschaftsfl\u00e4chen, Gehwege zwischen den Gartenst\u00fcckreihen und Trampelpfade zwischen den Gartenst\u00fccken sind von Gegenst\u00e4nden freizuhalten, um unter anderem M\u00e4harbeiten zu erm\u00f6glichen. Etwaige Sitzgelegenheiten oder Dekorationen d\u00fcrfen nur im eigenen Gartenst\u00fcck aufgestellt werden und sind zum Ende der Saison wieder zu entfernen.<\/li>\n<li>Abf\u00e4lle (Restm\u00fcll, Plastik, auch kompostierbares Plastik, u.a.) hat der Kunde mit nach Hause zu nehmen. Organischer M\u00fcll (Pflanzenreste, Unkraut u.a.) k\u00f6nnen im eigenen Gartenst\u00fcck belassen werden.<\/li>\n<li>Auf den Einsatz von leichtl\u00f6slichem Minerald\u00fcnger und \/ oder chemisch-synthetischen Pflanzenschutz- und Sch\u00e4dlingsbek\u00e4mpfungsmittel ist zu verzichten.\u00a0Bei Unklarheiten, ob ein Mittel genutzt werden darf, ist der Kunde verpflichtet, sich eine schriftliche Freigabe durch\u00a0<em>meine ernte\u00a0<\/em><\/li>\n<li><em>Freilaufende<\/em> Hunde sind auf der gesamten Fl\u00e4che nicht erlaubt. Sollte der Kunde einen Hund mitbringen, so ist dieser ausnahmslos an der kurzen Leine zu f\u00fchren bzw. w\u00e4hrend der Gartenarbeit an einer geeigneten Stelle anzubinden.\u00a0Der Hundebesitzer hat den Hund jederzeit zu beaufsichtigen und muss gew\u00e4hrleisten, dass dieser keine fremden G\u00e4rten betritt.<\/li>\n<li>Sieht der Landwirt aufgrund einer Sch\u00e4dlingsepidemie die Notwendigkeit, Ma\u00dfnahmen zu ergreifen, wird dies per E-Mail bekanntgegeben.<\/li>\n<li>Dem Kunden sind alle Ma\u00dfnahmen untersagt, die zu einer Beeintr\u00e4chtigung des Grundwassers \u00fcber Bodenverunreinigungen oder auf andere Weise oder zu einer Beeintr\u00e4chtigung der den Gem\u00fcseg\u00e4rten dienenden Brunnenanlage f\u00fchren k\u00f6nnen. Auf \u00a7 89 Wasserhaushaltsgesetz (WHG) wird verwiesen. Der Kunde stellt\u00a0<em>meine ernte\u00a0<\/em>von allen Anspr\u00fcchen Dritter frei, die darauf beruhen, dass seine Einwirkung die Beschaffenheit des Grundwassers oder der Brunnenanlage nachteilig ver\u00e4ndert hat. Entsprechendes gilt f\u00fcr den Fall, dass Stoffe aus einer vom Kunden betriebenen Anlage im Sinne des \u00a7 89 Abs. 2 WHG in das Grundwasser gelangt sind und dadurch dessen Beschaffenheit nachteilig ver\u00e4ndert haben. Ist trotz aller Vorsicht eine Gef\u00e4hrdung des Grundwassers zu besorgen, ist unverz\u00fcglich Kontakt mit der entsprechenden Umweltbeh\u00f6rde aufzunehmen und\u00a0<em>meine ernte<\/em>zu informieren.<\/li>\n<li>Dem Kunden ist es nicht gestattet, auf der Fl\u00e4che zu grillen oder offene Feuer zu legen.<\/li>\n<li>Nach Beendigung des Vertragsverh\u00e4ltnisses ist das Gartenst\u00fcck in ordnungsgem\u00e4\u00dfem Zustand an\u00a0<em>meine ernte\u00a0<\/em>zur\u00fcckzugeben, d. h. frei von festen Dingen (z. B. Rankehilfen, Tomatenh\u00e4user, Sitzgelegenheiten) und jeglichen Gegenst\u00e4nden (u.a. Plastikt\u00f6pfe, Gartendekoration, etc.). <br \/>Pflanzgut und abgeerntetes organisches Material kann auf der Fl\u00e4che verbleiben. Sollten Gegenst\u00e4nde zur\u00fcckgelassen werden, werden diese kostenpflichtig entfernt und dem Kunden in Rechnung gestellt.<\/li>\n<\/ul>\n<p><em><strong>Wir w\u00fcnschen dir viel Spa\u00df und Freude in und mit deinem Gem\u00fcsegarten. Auf eine gute Saison!<\/strong><\/em><\/p>\n<p><em><strong>Dein meine ernte Team<br \/><\/strong><\/em><em>Stand 22.08.2025<\/em><\/p>\n<\/li>\n<\/ol>\n\n","protected":false},"excerpt":{"rendered":"","protected":false},"author":2,"featured_media":0,"parent":0,"menu_order":0,"comment_status":"closed","ping_status":"closed","template":"","meta":{"_acf_changed":false,"footnotes":""},"class_list":["post-91611","page","type-page","status-publish","hentry"],"acf":[],"_links":{"self":[{"href":"https:\/\/www.meine-ernte.de\/shop\/wp-json\/wp\/v2\/pages\/91611","targetHints":{"allow":["GET"]}}],"collection":[{"href":"https:\/\/www.meine-ernte.de\/shop\/wp-json\/wp\/v2\/pages"}],"about":[{"href":"https:\/\/www.meine-ernte.de\/shop\/wp-json\/wp\/v2\/types\/page"}],"author":[{"embeddable":true,"href":"https:\/\/www.meine-ernte.de\/shop\/wp-json\/wp\/v2\/users\/2"}],"replies":[{"embeddable":true,"href":"https:\/\/www.meine-ernte.de\/shop\/wp-json\/wp\/v2\/comments?post=91611"}],"version-history":[{"count":33,"href":"https:\/\/www.meine-ernte.de\/shop\/wp-json\/wp\/v2\/pages\/91611\/revisions"}],"predecessor-version":[{"id":122190,"href":"https:\/\/www.meine-ernte.de\/shop\/wp-json\/wp\/v2\/pages\/91611\/revisions\/122190"}],"wp:attachment":[{"href":"https:\/\/www.meine-ernte.de\/shop\/wp-json\/wp\/v2\/media?parent=91611"}],"curies":[{"name":"wp","href":"https:\/\/api.w.org\/{rel}","templated":true}]}}