{"id":80275,"date":"2021-11-18T15:41:25","date_gmt":"2021-11-18T14:41:25","guid":{"rendered":"https:\/\/www.meine-ernte.de\/shop\/?page_id=80275"},"modified":"2025-01-07T14:05:16","modified_gmt":"2025-01-07T13:05:16","slug":"natalie-kirchbaumer","status":"publish","type":"page","link":"https:\/\/www.meine-ernte.de\/shop\/natalie-kirchbaumer\/","title":{"rendered":"Natalie Kirchbaumer"},"content":{"rendered":"\n\n\t<section class=\"section\" id=\"section_1170213858\">\n\t\t<div class=\"section-bg fill\" >\n\t\t\t\t\t\t\t\t\t\n\t\t\t\n\n\t\t<\/div>\n\n\t\t\n\n\t\t<div class=\"section-content relative\">\n\t\t\t\n\n<div class=\"row\"  id=\"row-1866882967\">\n\n\n\t<div id=\"col-775533396\" class=\"col small-12 large-12\"  >\n\t\t\t\t<div class=\"col-inner\"  >\n\t\t\t\n\t\t\t\n\n<div class=\"row\"  id=\"row-183943378\">\n\n\n\t<div id=\"col-761962541\" class=\"col medium-3 small-12 large-3\"  >\n\t\t\t\t<div class=\"col-inner\"  >\n\t\t\t\n\t\t\t\n\n\t<div class=\"img has-hover x md-x lg-x y md-y lg-y\" id=\"image_2048725244\">\n\t\t\t\t\t\t\t\t<div class=\"img-inner dark\" >\n\t\t\t<img decoding=\"async\" width=\"533\" height=\"800\" src=\"https:\/\/www.meine-ernte.de\/shop\/wp-content\/uploads\/Natalie-meine-ernte-2021-Foto-S-1_web-533x800.jpg\" class=\"attachment-large size-large\" alt=\"\" srcset=\"https:\/\/www.meine-ernte.de\/shop\/wp-content\/uploads\/Natalie-meine-ernte-2021-Foto-S-1_web-533x800.jpg 533w, https:\/\/www.meine-ernte.de\/shop\/wp-content\/uploads\/Natalie-meine-ernte-2021-Foto-S-1_web-267x400.jpg 267w, https:\/\/www.meine-ernte.de\/shop\/wp-content\/uploads\/Natalie-meine-ernte-2021-Foto-S-1_web-768x1152.jpg 768w, https:\/\/www.meine-ernte.de\/shop\/wp-content\/uploads\/Natalie-meine-ernte-2021-Foto-S-1_web-600x900.jpg 600w, https:\/\/www.meine-ernte.de\/shop\/wp-content\/uploads\/Natalie-meine-ernte-2021-Foto-S-1_web-100x150.jpg 100w, https:\/\/www.meine-ernte.de\/shop\/wp-content\/uploads\/Natalie-meine-ernte-2021-Foto-S-1_web.jpg 853w\" sizes=\"(max-width: 533px) 100vw, 533px\" \/>\t\t\t\t\t\t\n\t\t\t\t\t<\/div>\n\t\t\t\t\t\t\t\t\n<style>\n#image_2048725244 {\n  width: 100%;\n}\n<\/style>\n\t<\/div>\n\t\n\n\n\t\t<\/div>\n\t\t\t\t\t<\/div>\n\n\t\n\n\t<div id=\"col-1527665217\" class=\"col medium-6 small-12 large-6\"  >\n\t\t\t\t<div class=\"col-inner\"  >\n\t\t\t\n\t\t\t\n\n<h1>Natalie Kirchbaumer<\/h1>\n<p><strong>So versorge ich mich selbst:<\/strong><\/p>\n<p>Im eigenen kleinen Garten<\/p>\n<ul>\n<li>Mit Obstspalierb\u00e4umen<\/li>\n<li>Mit Hochbeeten<\/li>\n<li>Vielen unterschiedlichen (Wild)-Kr\u00e4utern die \u00fcberall im Garten wachsen<\/li>\n<\/ul>\n<p>Auf der Dachterrasse<\/p>\n\n\t\t<\/div>\n\t\t\t\t\t<\/div>\n\n\t\n\n<\/div>\n<h2><span style=\"font-size: 80%;\">Meine Lieblingsgem\u00fcse, -Obst und -Kr\u00e4uter &amp; Pilze:<\/span><\/h2>\n<p>Die schwierigste Frage f\u00fcr mich:<\/p>\n<ul>\n<li>Ich liebe Brokkoli<\/li>\n<li>Alles schnell wachsende wie Kresse, Asia- und Pfl\u00fcck-Salate<\/li>\n<li>Tomaten in allen Formen und Gr\u00f6\u00dfen<\/li>\n<li>Kr\u00e4uter, da man sie das ganze Jahr \u00fcber indoor \/ outdoor ernten und verarbeiten kann und sie unz\u00e4hlige Mineralien und Vitamine enthalten<\/li>\n<\/ul>\n<h2><span style=\"font-size: 80%;\">Meine Selbstversorgerprojekte in diesem Jahr: <\/span><\/h2>\n<ul>\n<li>Ich plane eine Indoor-Gardening Wand zu Hause einzurichten und teste ein neues Produkt von einem Start-Up. Los geht\u2019s im Dezember. Ich bin gespannt.<\/li>\n<li>Im n\u00e4chsten Jahr werden wir endlich unser Carport bepflanzen, damit Insekten dort viel Futter finden<\/li>\n<li>Ich \u00fcberlege eine \u201eGem\u00fcse und Kr\u00e4uter wachsen \u00dcberall-Challenge\u201c zu initiieren. Es gibt so viel ungenutzten Platz \u2013 Bist du dabei?\n<ol>\n<li>Mangold im Blumenbeet<\/li>\n<li>Zierkohl im Blumenkasten<\/li>\n<li>Knoblauch in T\u00f6pfen<\/li>\n<li>Kartoffeln, Tomaten auf der Dach-Terrasse<\/li>\n<\/ol>\n<\/li>\n<\/ul>\n<div class=\"row row-collapse row-full-width\"  id=\"row-115404127\">\n\n\n\t<div id=\"col-1356835613\" class=\"col medium-4 large-4\"  >\n\t\t\t\t<div class=\"col-inner\"  >\n\t\t\t\n\t\t\t\n\n\t<div class=\"img has-hover x md-x lg-x y md-y lg-y\" id=\"image_706308044\">\n\t\t\t\t\t\t\t\t<div class=\"img-inner image-cover dark\" style=\"padding-top:56.25%;\">\n\t\t\t<img decoding=\"async\" width=\"1000\" height=\"750\" src=\"https:\/\/www.meine-ernte.de\/shop\/wp-content\/uploads\/heidelbeere-2-1.jpg\" class=\"attachment-large size-large\" alt=\"\" srcset=\"https:\/\/www.meine-ernte.de\/shop\/wp-content\/uploads\/heidelbeere-2-1.jpg 1000w, https:\/\/www.meine-ernte.de\/shop\/wp-content\/uploads\/heidelbeere-2-1-533x400.jpg 533w, https:\/\/www.meine-ernte.de\/shop\/wp-content\/uploads\/heidelbeere-2-1-768x576.jpg 768w, https:\/\/www.meine-ernte.de\/shop\/wp-content\/uploads\/heidelbeere-2-1-600x450.jpg 600w, https:\/\/www.meine-ernte.de\/shop\/wp-content\/uploads\/heidelbeere-2-1-100x75.jpg 100w\" sizes=\"(max-width: 1000px) 100vw, 1000px\" \/>\t\t\t\t\t\t\n\t\t\t\t\t<\/div>\n\t\t\t\t\t\t\t\t\n<style>\n#image_706308044 {\n  width: 100%;\n}\n<\/style>\n\t<\/div>\n\t\n\n\n\t\t<\/div>\n\t\t\t\t\t<\/div>\n\n\t\n\n\t<div id=\"col-296907516\" class=\"col medium-4 large-4\"  >\n\t\t\t\t<div class=\"col-inner\"  >\n\t\t\t\n\t\t\t\n\n\t<div class=\"img has-hover x md-x lg-x y md-y lg-y\" id=\"image_1417021832\">\n\t\t\t\t\t\t\t\t<div class=\"img-inner image-cover dark\" style=\"padding-top:56.25%;\">\n\t\t\t<img decoding=\"async\" width=\"640\" height=\"426\" src=\"https:\/\/www.meine-ernte.de\/shop\/wp-content\/uploads\/Melone-meine-ernte-pixa-3.jpg\" class=\"attachment-large size-large\" alt=\"Wassermelone\" srcset=\"https:\/\/www.meine-ernte.de\/shop\/wp-content\/uploads\/Melone-meine-ernte-pixa-3.jpg 640w, https:\/\/www.meine-ernte.de\/shop\/wp-content\/uploads\/Melone-meine-ernte-pixa-3-601x400.jpg 601w, https:\/\/www.meine-ernte.de\/shop\/wp-content\/uploads\/Melone-meine-ernte-pixa-3-600x399.jpg 600w\" sizes=\"(max-width: 640px) 100vw, 640px\" \/>\t\t\t\t\t\t\n\t\t\t\t\t<\/div>\n\t\t\t\t\t\t\t\t\n<style>\n#image_1417021832 {\n  width: 100%;\n}\n<\/style>\n\t<\/div>\n\t\n\n\n\t\t<\/div>\n\t\t\t\t\t<\/div>\n\n\t\n\n\t<div id=\"col-502720829\" class=\"col medium-4 large-4\"  >\n\t\t\t\t<div class=\"col-inner\"  >\n\t\t\t\n\t\t\t\n\n\t<div class=\"img has-hover x md-x lg-x y md-y lg-y\" id=\"image_1688484546\">\n\t\t\t\t\t\t\t\t<div class=\"img-inner image-cover dark\" style=\"padding-top:56.25%;\">\n\t\t\t<img decoding=\"async\" width=\"600\" height=\"450\" src=\"https:\/\/www.meine-ernte.de\/shop\/wp-content\/uploads\/2019\/12\/kornblume_blauer_junge_web_1_600.jpg\" class=\"attachment-large size-large\" alt=\"\" srcset=\"https:\/\/www.meine-ernte.de\/shop\/wp-content\/uploads\/2019\/12\/kornblume_blauer_junge_web_1_600.jpg 600w, https:\/\/www.meine-ernte.de\/shop\/wp-content\/uploads\/2019\/12\/kornblume_blauer_junge_web_1_600-533x400.jpg 533w\" sizes=\"(max-width: 600px) 100vw, 600px\" \/>\t\t\t\t\t\t\n\t\t\t\t\t<\/div>\n\t\t\t\t\t\t\t\t\n<style>\n#image_1688484546 {\n  width: 100%;\n}\n<\/style>\n\t<\/div>\n\t\n\n\n\t\t<\/div>\n\t\t\t\t\t<\/div>\n\n\t\n\n<\/div>\n\n\t\t<\/div>\n\t\t\t\t\t<\/div>\n\n\t\n\n<\/div>\n<blockquote>\n<p><span style=\"color: #58ab27;\"><em>\u201eJeder Mensch sollte erleben, wie gl\u00fccklich es macht, eigenes Obst, Gem\u00fcse und Kr\u00e4uter anzubauen. Die Produkte schmecken besser, sind ges\u00fcnder, da sie bei voller Reife geerntet und nicht lange transportiert und gelagert werden. Aber vor allem tut es unserem Geist gut, beim G\u00e4rtnern abzuschalten, bei sich zu sein und zwischendurch Dinge mit den eigenen H\u00e4nden zu tun und der Natur nahe zu sein. G\u00e4rtnern macht gl\u00fccklich und eine naturnahe Ern\u00e4hrung tut dem K\u00f6rper gut!\u201c<\/em><\/span><\/p>\n<\/blockquote>\n<h2>&nbsp;<\/h2>\n<h2><span style=\"font-size: 80%;\">Meine Lieblingsprodukte<\/span><\/h2>\n<div class=\"row align-center\"  id=\"row-1611908384\">\n\n\n\t<div id=\"col-1102771922\" class=\"col medium-3 small-12 large-3\"  >\n\t\t\t\t<div class=\"col-inner\"  >\n\t\t\t\n\t\t\t\n\n\t\n  \n    <div class=\"row large-columns-1 medium-columns- small-columns- row-small slider row-slider slider-nav-reveal slider-nav-push\"  data-flickity-options='{&quot;imagesLoaded&quot;: true, &quot;groupCells&quot;: &quot;100%&quot;, &quot;dragThreshold&quot; : 5, &quot;cellAlign&quot;: &quot;left&quot;,&quot;wrapAround&quot;: true,&quot;prevNextButtons&quot;: true,&quot;percentPosition&quot;: true,&quot;pageDots&quot;: false, &quot;rightToLeft&quot;: false, &quot;autoPlay&quot; : false}' >\n\n  <\/div>\n\n\n\t\t<\/div>\n\t\t\t\t\t<\/div>\n\n\t\n\n\t<div id=\"col-786375479\" class=\"col medium-6 small-12 large-6\"  >\n\t\t\t\t<div class=\"col-inner\"  >\n\t\t\t\n\t\t\t\n\n<h4>Hochbeete aus Holz passen in jeden Garten<\/h4>\n<p>Ich bin ein gro\u00dfer Hochbeete-Fan. Bei uns im Garten stehen mehrere Hochbeete als nat\u00fcrliche Grenze zu den Nachbarn und werden je nach Jahreszeit mit Gr\u00fcnkohl, Knoblauch, Salaten und Rote Bete bepflanzt. <br \/>Ich finde Holzhochbeete machen optisch jede Terrasse sch\u00f6ner und ein kleines Kr\u00e4uterhochbeet passt \u00fcberall hin. <\/p>\n\t<div id=\"gap-790041793\" class=\"gap-element clearfix\" style=\"display:block; height:auto;\">\n\t\t\n<style>\n#gap-790041793 {\n  padding-top: 60px;\n}\n<\/style>\n\t<\/div>\n\t\n\n\n\t\t<\/div>\n\t\t\t\t\t<\/div>\n\n\t\n\n<\/div>\n<div class=\"row align-center\"  id=\"row-1155204981\">\n\n\n\t<div id=\"col-2060469424\" class=\"col medium-3 small-12 large-3\"  >\n\t\t\t\t<div class=\"col-inner\"  >\n\t\t\t\n\t\t\t\n\n\t\n  \n    <div class=\"row large-columns-1 medium-columns- small-columns- row-small slider row-slider slider-nav-reveal slider-nav-push\"  data-flickity-options='{&quot;imagesLoaded&quot;: true, &quot;groupCells&quot;: &quot;100%&quot;, &quot;dragThreshold&quot; : 5, &quot;cellAlign&quot;: &quot;left&quot;,&quot;wrapAround&quot;: true,&quot;prevNextButtons&quot;: true,&quot;percentPosition&quot;: true,&quot;pageDots&quot;: false, &quot;rightToLeft&quot;: false, &quot;autoPlay&quot; : false}' >\n\n  <\/div>\n\n\n\t\t<\/div>\n\t\t\t\t\t<\/div>\n\n\t\n\n\t<div id=\"col-259364695\" class=\"col medium-6 small-12 large-6\"  >\n\t\t\t\t<div class=\"col-inner\"  >\n\t\t\t\n\t\t\t\n\n<h4>Ich liebe es, Wildkr\u00e4uter zu ernten<\/h4>\n<p>Kr\u00e4uter sind f\u00fcr mich die wichtigste Zutat beim Essen. Ich genie\u00dfe meine Wildkr\u00e4uter auf einem Brot mit etwas Salz, im Salat oder als Pesto. <br \/>Besonders die hochwertigen Wildkr\u00e4uter wie Sauerampfer und Pimpinelle in meinem Garten bereiten mir Freude \u2013 sie sind unglaublich gesund und durch den eigenen Anbau wei\u00df ich, dass sie frei von Spritzmitteln sind. <br \/>Kr\u00e4uter sind auch f\u00fcr jede*n mit Balkon oder gro\u00dfem K\u00fcchenfenster eine gute und einfache Gelegenheit sich mit frischem Gr\u00fcn zu versorgen. <\/p>\n\n\t\t<\/div>\n\t\t\t\t\t<\/div>\n\n\t\n\n<\/div>\n<div class=\"row align-center\"  id=\"row-1358024018\">\n\n\n\t<div id=\"col-1533341175\" class=\"col medium-3 small-12 large-3\"  >\n\t\t\t\t<div class=\"col-inner\"  >\n\t\t\t\n\t\t\t\n\n\t\n  \n    <div class=\"row large-columns-1 medium-columns- small-columns- row-small slider row-slider slider-nav-reveal slider-nav-push\"  data-flickity-options='{&quot;imagesLoaded&quot;: true, &quot;groupCells&quot;: &quot;100%&quot;, &quot;dragThreshold&quot; : 5, &quot;cellAlign&quot;: &quot;left&quot;,&quot;wrapAround&quot;: true,&quot;prevNextButtons&quot;: true,&quot;percentPosition&quot;: true,&quot;pageDots&quot;: false, &quot;rightToLeft&quot;: false, &quot;autoPlay&quot; : false}' >\n\n  <\/div>\n\n\n\t\t<\/div>\n\t\t\t\t\t<\/div>\n\n\t\n\n\t<div id=\"col-1369521843\" class=\"col medium-6 small-12 large-6\"  >\n\t\t\t\t<div class=\"col-inner\"  >\n\t\t\t\n\t\t\t\n\n<h4>Die J\u00e4tefaust ist unser langj\u00e4hriger Bestseller unter unseren G\u00e4rtner:innen<\/h4>\n<p>Ein kleines, fast unscheinbares Gartenger\u00e4t mit so viel Power! Die J\u00e4tefaust m\u00f6chte ich nicht mehr missen im Garten. Bei der Gartenarbeit ist sie immer mit dabei. Durch die Metallb\u00fcgel lassen sich Pflanzen und Unkraut leicht aus der Erde hebeln und die Erde auflockern f\u00fcr die Aussaat. Auch Fugen von der Terrasse kann ich damit reinigen. <br \/>Meine Kinder kennen und lieben die J\u00e4tefaust auch schon.<\/p>\n\n\t\t<\/div>\n\t\t\t\t\t<\/div>\n\n\t\n\n<\/div>\n<div class=\"row align-center\"  id=\"row-1244562735\">\n\n\n\t<div id=\"col-697166759\" class=\"col medium-3 small-12 large-3\"  >\n\t\t\t\t<div class=\"col-inner\"  >\n\t\t\t\n\t\t\t\n\n\t<div class=\"img has-hover x md-x lg-x y md-y lg-y\" id=\"image_1822081227\">\n\t\t\t\t\t\t\t\t<div class=\"img-inner dark\" >\n\t\t\t<img decoding=\"async\" width=\"480\" height=\"480\" src=\"https:\/\/www.meine-ernte.de\/shop\/wp-content\/uploads\/Natalie-rund.jpg\" class=\"attachment-large size-large\" alt=\"\" srcset=\"https:\/\/www.meine-ernte.de\/shop\/wp-content\/uploads\/Natalie-rund.jpg 480w, https:\/\/www.meine-ernte.de\/shop\/wp-content\/uploads\/Natalie-rund-400x400.jpg 400w, https:\/\/www.meine-ernte.de\/shop\/wp-content\/uploads\/Natalie-rund-280x280.jpg 280w, https:\/\/www.meine-ernte.de\/shop\/wp-content\/uploads\/Natalie-rund-300x300.jpg 300w, https:\/\/www.meine-ernte.de\/shop\/wp-content\/uploads\/Natalie-rund-100x100.jpg 100w\" sizes=\"(max-width: 480px) 100vw, 480px\" \/>\t\t\t\t\t\t\n\t\t\t\t\t<\/div>\n\t\t\t\t\t\t\t\t\n<style>\n#image_1822081227 {\n  width: 100%;\n}\n<\/style>\n\t<\/div>\n\t\n\n\n\t\t<\/div>\n\t\t\t\t\t<\/div>\n\n\t\n\n\t<div id=\"col-360553177\" class=\"col medium-7 small-12 large-7\"  >\n\t\t\t\t<div class=\"col-inner\"  >\n\t\t\t\n\t\t\t\n\n<p><span style=\"color: #58ab27;\">Ich probiere immer wieder neue Dinge im Garten und in meiner Ern\u00e4hrung aus und das macht f\u00fcr mich auch den Reiz dieses einzigartigen Hobbys aus..<br \/><\/span><\/p>\n<p><span style=\"color: #50b848;\"><a style=\"color: #50b848;\" href=\"https:\/\/www.meine-ernte.de\/ueber-uns\/\" target=\"_blank\" rel=\"noopener\"><u>Lerne das gesamte meine ernte Team kennen!<\/u><\/a><\/span><\/p>\n\n\t\t<\/div>\n\t\t\t\t\t<\/div>\n\n\t\n\n<\/div>\n\n\t\t<\/div>\n\n\t\t\n<style>\n#section_1170213858 {\n  padding-top: 30px;\n  padding-bottom: 30px;\n}\n<\/style>\n\t<\/section>\n\t\n<h2>Weitere meine ernte Selbstversorger:innen<\/h2>\n<div class=\"row\"  id=\"row-969795087\">\n\n\n\n\t<div id=\"col-1765907119\" class=\"col medium-4 small-12 large-4\"  >\n\t\t\t\t<div class=\"col-inner\"  >\n\t\t\t\n\t\t\t\n\n\t<div class=\"box has-hover   has-hover box-text-bottom\" >\n\n\t\t<div class=\"box-image\" style=\"width:70%;\">\n\t\t\t<a href=\"https:\/\/www.meine-ernte.de\/shop\/wanda-ganders\/\" >\t\t\t<div class=\"\" >\n\t\t\t\t<img decoding=\"async\" width=\"853\" height=\"1280\" src=\"https:\/\/www.meine-ernte.de\/shop\/wp-content\/uploads\/wanda-2021-meine-ernte_web.jpg\" class=\"attachment- size-\" alt=\"\" srcset=\"https:\/\/www.meine-ernte.de\/shop\/wp-content\/uploads\/wanda-2021-meine-ernte_web.jpg 853w, https:\/\/www.meine-ernte.de\/shop\/wp-content\/uploads\/wanda-2021-meine-ernte_web-267x400.jpg 267w, https:\/\/www.meine-ernte.de\/shop\/wp-content\/uploads\/wanda-2021-meine-ernte_web-533x800.jpg 533w, https:\/\/www.meine-ernte.de\/shop\/wp-content\/uploads\/wanda-2021-meine-ernte_web-768x1152.jpg 768w, https:\/\/www.meine-ernte.de\/shop\/wp-content\/uploads\/wanda-2021-meine-ernte_web-600x900.jpg 600w, https:\/\/www.meine-ernte.de\/shop\/wp-content\/uploads\/wanda-2021-meine-ernte_web-100x150.jpg 100w\" sizes=\"(max-width: 853px) 100vw, 853px\" \/>\t\t\t\t\t\t\t\t\t\t\t<\/div>\n\t\t\t<\/a>\t\t<\/div>\n\n\t\t<div class=\"box-text text-center\" >\n\t\t\t<div class=\"box-text-inner\">\n\t\t\t\t\n\n<h4><a href=\"https:\/\/www.meine-ernte.de\/shop\/wanda-ganders\/\">Wanda Ganders<\/a><\/h4>\n\n\t\t\t<\/div>\n\t\t<\/div>\n\t<\/div>\n\t\n\n\t\t<\/div>\n\t\t\t\t\t<\/div>\n\n\t\n\n\t<div id=\"col-1384556025\" class=\"col medium-4 small-12 large-4\"  >\n\t\t\t\t<div class=\"col-inner\"  >\n\t\t\t\n\t\t\t\n\n\t<div class=\"box has-hover  hidden has-hover box-text-bottom\" >\n\n\t\t<div class=\"box-image\" style=\"width:70%;\">\n\t\t\t<a href=\"https:\/\/www.meine-ernte.de\/shop\/bianca-kuehn\/\" >\t\t\t<div class=\"\" >\n\t\t\t\t<img decoding=\"async\" width=\"854\" height=\"1280\" src=\"https:\/\/www.meine-ernte.de\/shop\/wp-content\/uploads\/Bianca-5_web.jpg\" class=\"attachment- size-\" alt=\"\" srcset=\"https:\/\/www.meine-ernte.de\/shop\/wp-content\/uploads\/Bianca-5_web.jpg 854w, https:\/\/www.meine-ernte.de\/shop\/wp-content\/uploads\/Bianca-5_web-267x400.jpg 267w, https:\/\/www.meine-ernte.de\/shop\/wp-content\/uploads\/Bianca-5_web-534x800.jpg 534w, https:\/\/www.meine-ernte.de\/shop\/wp-content\/uploads\/Bianca-5_web-768x1151.jpg 768w, https:\/\/www.meine-ernte.de\/shop\/wp-content\/uploads\/Bianca-5_web-600x899.jpg 600w, https:\/\/www.meine-ernte.de\/shop\/wp-content\/uploads\/Bianca-5_web-100x150.jpg 100w\" sizes=\"(max-width: 854px) 100vw, 854px\" \/>\t\t\t\t\t\t\t\t\t\t\t<\/div>\n\t\t\t<\/a>\t\t<\/div>\n\n\t\t<div class=\"box-text text-center\" >\n\t\t\t<div class=\"box-text-inner\">\n\t\t\t\t\n\n<h4>Bianca K\u00fchn<\/h4>\n\n\t\t\t<\/div>\n\t\t<\/div>\n\t<\/div>\n\t\n\n\t\t<\/div>\n\t\t\t\t\t<\/div>\n\n\t\n\n<\/div>\n\n","protected":false},"excerpt":{"rendered":"","protected":false},"author":129,"featured_media":100934,"parent":0,"menu_order":0,"comment_status":"closed","ping_status":"closed","template":"","meta":{"_acf_changed":false,"footnotes":""},"class_list":["post-80275","page","type-page","status-publish","has-post-thumbnail","hentry"],"acf":[],"_links":{"self":[{"href":"https:\/\/www.meine-ernte.de\/shop\/wp-json\/wp\/v2\/pages\/80275","targetHints":{"allow":["GET"]}}],"collection":[{"href":"https:\/\/www.meine-ernte.de\/shop\/wp-json\/wp\/v2\/pages"}],"about":[{"href":"https:\/\/www.meine-ernte.de\/shop\/wp-json\/wp\/v2\/types\/page"}],"author":[{"embeddable":true,"href":"https:\/\/www.meine-ernte.de\/shop\/wp-json\/wp\/v2\/users\/129"}],"replies":[{"embeddable":true,"href":"https:\/\/www.meine-ernte.de\/shop\/wp-json\/wp\/v2\/comments?post=80275"}],"version-history":[{"count":30,"href":"https:\/\/www.meine-ernte.de\/shop\/wp-json\/wp\/v2\/pages\/80275\/revisions"}],"predecessor-version":[{"id":117881,"href":"https:\/\/www.meine-ernte.de\/shop\/wp-json\/wp\/v2\/pages\/80275\/revisions\/117881"}],"wp:featuredmedia":[{"embeddable":true,"href":"https:\/\/www.meine-ernte.de\/shop\/wp-json\/wp\/v2\/media\/100934"}],"wp:attachment":[{"href":"https:\/\/www.meine-ernte.de\/shop\/wp-json\/wp\/v2\/media?parent=80275"}],"curies":[{"name":"wp","href":"https:\/\/api.w.org\/{rel}","templated":true}]}}